Last updated on 2023-02-05 01:54:31 CET.
Flavor | Version | Tinstall | Tcheck | Ttotal | Status | Flags |
---|---|---|---|---|---|---|
r-devel-linux-x86_64-debian-clang | 0.1.3 | 588.59 | 80.90 | 669.49 | NOTE | |
r-devel-linux-x86_64-debian-gcc | 0.1.3 | 427.87 | 61.21 | 489.08 | NOTE | |
r-devel-linux-x86_64-fedora-clang | 0.1.3 | 909.83 | NOTE | |||
r-devel-linux-x86_64-fedora-gcc | 0.1.3 | 802.50 | NOTE | |||
r-devel-windows-x86_64 | 0.1.3 | 396.00 | 160.00 | 556.00 | NOTE | |
r-patched-linux-x86_64 | 0.1.3 | 458.43 | 74.79 | 533.22 | OK | |
r-release-linux-x86_64 | 0.1.3 | 472.12 | 72.89 | 545.01 | OK | |
r-release-macos-arm64 | 0.1.3 | 184.00 | NOTE | |||
r-release-macos-x86_64 | 0.1.3 | 221.00 | NOTE | |||
r-release-windows-x86_64 | 0.1.3 | 376.00 | 165.00 | 541.00 | OK | |
r-oldrel-macos-arm64 | 0.1.3 | 166.00 | NOTE | |||
r-oldrel-macos-x86_64 | 0.1.3 | 217.00 | NOTE | |||
r-oldrel-windows-ix86+x86_64 | 0.1.3 | 1209.00 | 144.00 | 1353.00 | NOTE |
Version: 0.1.3
Check: C++ specification
Result: NOTE
Specified C++11: please update to current default of C++17
Flavors: r-devel-linux-x86_64-debian-clang, r-devel-linux-x86_64-debian-gcc, r-devel-linux-x86_64-fedora-clang, r-devel-linux-x86_64-fedora-gcc, r-devel-windows-x86_64
Version: 0.1.3
Check: Rd files
Result: NOTE
checkRd: (-1) boot.james.Rd:47: Escaped LaTeX specials: \&
checkRd: (-1) boot.student2.Rd:41: Escaped LaTeX specials: \&
checkRd: (-1) coljack.means.Rd:32: Escaped LaTeX specials: \&
checkRd: (-1) collognorm.mle.Rd:69: Escaped LaTeX specials: \&
checkRd: (-1) collognorm.mle.Rd:71: Escaped LaTeX specials: \&
checkRd: (-1) fipois.reg.Rd:66: Escaped LaTeX specials: \&
checkRd: (-1) halfcauchy.mle.Rd:46: Escaped LaTeX specials: \&
checkRd: (-1) halfcauchy.mle.Rd:48: Escaped LaTeX specials: \&
checkRd: (-1) jack.mean.Rd:30: Escaped LaTeX specials: \&
checkRd: (-1) lm.parboot.Rd:37: Escaped LaTeX specials: \&
checkRd: (-1) multivm.mle.Rd:62: Escaped LaTeX specials: \&
Flavors: r-devel-linux-x86_64-debian-clang, r-devel-linux-x86_64-debian-gcc, r-devel-linux-x86_64-fedora-clang, r-devel-linux-x86_64-fedora-gcc, r-devel-windows-x86_64
Version: 0.1.3
Check: installed package size
Result: NOTE
installed size is 20.9Mb
sub-directories of 1Mb or more:
libs 20.2Mb
Flavors: r-release-macos-arm64, r-release-macos-x86_64, r-oldrel-macos-arm64, r-oldrel-macos-x86_64, r-oldrel-windows-ix86+x86_64