CRAN Package Check Results for Package Rfssa

Last updated on 2022-01-17 01:48:33 CET.

Flavor Version Tinstall Tcheck Ttotal Status Flags
r-devel-linux-x86_64-debian-clang 2.0.1 113.76 157.58 271.34 OK
r-devel-linux-x86_64-debian-gcc 2.0.1 84.51 133.12 217.63 OK
r-devel-linux-x86_64-fedora-clang 2.0.1 369.26 NOTE
r-devel-linux-x86_64-fedora-gcc 2.0.1 349.23 NOTE
r-devel-windows-x86_64-new-UL 2.0.1 115.00 185.00 300.00 OK
r-devel-windows-x86_64-new-TK 2.0.1 NOTE
r-patched-linux-x86_64 2.0.1 98.43 152.61 251.04 OK
r-release-linux-x86_64 2.0.1 OK
r-release-macos-arm64 2.0.1 NOTE
r-release-macos-x86_64 2.0.1 NOTE
r-release-windows-ix86+x86_64 2.0.1 281.00 253.00 534.00 OK
r-oldrel-macos-x86_64 2.0.0 WARN
r-oldrel-windows-ix86+x86_64 2.0.1 279.00 245.00 524.00 OK

Check Details

Version: 2.0.1
Check: installed package size
Result: NOTE
     installed size is 5.3Mb
     sub-directories of 1Mb or more:
     libs 4.7Mb
Flavors: r-devel-linux-x86_64-fedora-clang, r-release-macos-arm64, r-release-macos-x86_64

Version: 2.0.1
Check: dependencies in R code
Result: NOTE
    Namespace in Imports field not imported from: ‘markdown’
     All declared Imports should be used.
Flavors: r-devel-linux-x86_64-fedora-clang, r-devel-linux-x86_64-fedora-gcc, r-devel-windows-x86_64-new-TK, r-release-macos-arm64, r-release-macos-x86_64

Version: 2.0.0
Check: installed package size
Result: NOTE
     installed size is 6.5Mb
     sub-directories of 1Mb or more:
     libs 6.0Mb
Flavor: r-oldrel-macos-x86_64

Version: 2.0.0
Check: dependencies in R code
Result: NOTE
    Namespace in Imports field not imported from: ‘markdown’
     All declared Imports should be used.
Flavor: r-oldrel-macos-x86_64

Version: 2.0.0
Check: compiled code
Result: WARN
    File ‘Rfssa/libs/Rfssa.so’:
     Found ‘___assert_rtn’, possibly from ‘assert’ (C)
     Object: ‘RcppExports.o’
    
    Compiled code should not call entry points which might terminate R nor
    write to stdout/stderr instead of to the console, nor use Fortran I/O
    nor system RNGs.
    
    See ‘Writing portable packages’ in the ‘Writing R Extensions’ manual.
Flavor: r-oldrel-macos-x86_64