CRAN Package Check Results for Package Rglpk

Last updated on 2020-08-15 02:11:08 CEST.

Flavor Version Tinstall Tcheck Ttotal Status Flags
r-devel-linux-x86_64-debian-clang 0.6-4 4.36 22.10 26.46 OK
r-devel-linux-x86_64-debian-gcc 0.6-4 2.87 17.44 20.31 OK
r-devel-linux-x86_64-fedora-clang 0.6-4 41.29 NOTE
r-devel-linux-x86_64-fedora-gcc 0.6-4 31.68 OK
r-devel-windows-ix86+x86_64 0.6-4 19.00 48.00 67.00 OK
r-patched-linux-x86_64 0.6-4 3.84 22.21 26.05 OK
r-patched-solaris-x86 0.6-4 51.80 OK
r-release-linux-x86_64 0.6-4 3.72 21.90 25.62 OK
r-release-macos-x86_64 0.6-4 NOTE
r-release-windows-ix86+x86_64 0.6-4 12.00 42.00 54.00 OK
r-oldrel-macos-x86_64 0.6-4 NOTE
r-oldrel-windows-ix86+x86_64 0.6-4 1.00 5.00 6.00 ERROR

Check Details

Version: 0.6-4
Check: Rd cross-references
Result: NOTE
    Undeclared packages ‘lpSolve’, ‘ROI’, ‘Rsymphony’ in Rd xrefs
Flavor: r-devel-linux-x86_64-fedora-clang

Version: 0.6-4
Check: Rd cross-references
Result: NOTE
    Package unavailable to check Rd xrefs: ‘Rsymphony’
Flavors: r-release-macos-x86_64, r-oldrel-macos-x86_64

Version: 0.6-4
Check: whether package can be installed
Result: ERROR
    Installation failed.
Flavor: r-oldrel-windows-ix86+x86_64