CRAN Package Check Results for Package Rglpk

Last updated on 2020-01-23 00:57:40 CET.

Flavor Version Tinstall Tcheck Ttotal Status Flags
r-devel-linux-x86_64-debian-clang 0.6-4 4.28 21.35 25.63 OK
r-devel-linux-x86_64-debian-gcc 0.6-4 3.01 17.04 20.05 OK
r-devel-linux-x86_64-fedora-clang 0.6-4 32.99 OK
r-devel-linux-x86_64-fedora-gcc 0.6-4 31.65 OK
r-devel-windows-ix86+x86_64 0.6-4 20.00 56.00 76.00 OK
r-devel-windows-ix86+x86_64-gcc8 0.6-4 13.00 56.00 69.00 OK
r-patched-linux-x86_64 0.6-4 2.98 19.81 22.79 OK
r-patched-solaris-x86 0.6-4 44.00 NOTE
r-release-linux-x86_64 0.6-4 3.29 19.81 23.10 OK
r-release-windows-ix86+x86_64 0.6-4 1.00 5.00 6.00 ERROR
r-release-osx-x86_64 0.6-4 NOTE
r-oldrel-windows-ix86+x86_64 0.6-4 11.00 38.00 49.00 OK
r-oldrel-osx-x86_64 0.6-4 NOTE

Check Details

Version: 0.6-4
Check: Rd cross-references
Result: NOTE
    Package unavailable to check Rd xrefs: ‘Rsymphony’
Flavors: r-patched-solaris-x86, r-release-osx-x86_64, r-oldrel-osx-x86_64

Version: 0.6-4
Check: whether package can be installed
Result: ERROR
    Installation failed.
Flavor: r-release-windows-ix86+x86_64