Last updated on 2023-02-06 00:52:41 CET.
Flavor | Version | Tinstall | Tcheck | Ttotal | Status | Flags |
---|---|---|---|---|---|---|
r-devel-linux-x86_64-debian-clang | 0.2.5 | 49.48 | 34.53 | 84.01 | NOTE | |
r-devel-linux-x86_64-debian-gcc | 0.2.5 | 43.05 | 26.25 | 69.30 | NOTE | |
r-devel-linux-x86_64-fedora-clang | 0.2.5 | 122.54 | NOTE | |||
r-devel-linux-x86_64-fedora-gcc | 0.2.5 | 116.50 | NOTE | |||
r-devel-windows-x86_64 | 0.2.5 | 57.00 | 88.00 | 145.00 | NOTE | |
r-patched-linux-x86_64 | 0.2.5 | 40.27 | 33.04 | 73.31 | OK | |
r-release-linux-x86_64 | 0.2.5 | 45.26 | 33.47 | 78.73 | OK | |
r-release-macos-arm64 | 0.2.5 | 35.00 | NOTE | |||
r-release-macos-x86_64 | 0.2.5 | 44.00 | NOTE | |||
r-release-windows-x86_64 | 0.2.5 | 54.00 | 89.00 | 143.00 | OK | |
r-oldrel-macos-arm64 | 0.2.5 | 42.00 | NOTE | |||
r-oldrel-macos-x86_64 | 0.2.5 | 48.00 | NOTE | |||
r-oldrel-windows-ix86+x86_64 | 0.2.5 | 124.00 | 91.00 | 215.00 | OK |
Version: 0.2.5
Check: C++ specification
Result: NOTE
Specified C++11: please update to current default of C++17
Flavors: r-devel-linux-x86_64-debian-clang, r-devel-linux-x86_64-debian-gcc, r-devel-linux-x86_64-fedora-clang, r-devel-linux-x86_64-fedora-gcc, r-devel-windows-x86_64
Version: 0.2.5
Check: installed package size
Result: NOTE
installed size is 5.5Mb
sub-directories of 1Mb or more:
libs 5.3Mb
Flavors: r-release-macos-arm64, r-release-macos-x86_64, r-oldrel-macos-arm64, r-oldrel-macos-x86_64