CRAN Package Check Results for Package RiemBase

Last updated on 2020-10-25 01:47:45 CEST.

Flavor Version Tinstall Tcheck Ttotal Status Flags
r-devel-linux-x86_64-debian-clang 0.2.4 49.33 31.46 80.79 OK
r-devel-linux-x86_64-debian-gcc 0.2.4 41.95 24.15 66.10 OK
r-devel-linux-x86_64-fedora-clang 0.2.4 124.72 NOTE
r-devel-linux-x86_64-fedora-gcc 0.2.4 117.41 OK
r-devel-windows-ix86+x86_64 0.2.4 110.00 78.00 188.00 OK
r-patched-linux-x86_64 0.2.4 58.35 29.71 88.06 OK
r-patched-solaris-x86 0.2.4 104.20 OK
r-release-linux-x86_64 0.2.4 52.78 29.71 82.49 OK
r-release-macos-x86_64 0.2.4 NOTE
r-release-windows-ix86+x86_64 0.2.4 87.00 63.00 150.00 OK
r-oldrel-macos-x86_64 0.2.4 NOTE
r-oldrel-windows-ix86+x86_64 0.2.4 99.00 59.00 158.00 OK

Check Details

Version: 0.2.4
Check: installed package size
Result: NOTE
     installed size is 5.3Mb
     sub-directories of 1Mb or more:
     libs 5.0Mb
Flavors: r-devel-linux-x86_64-fedora-clang, r-release-macos-x86_64, r-oldrel-macos-x86_64