CRAN Package Check Results for Package RiemBaseExt

Last updated on 2020-02-29 01:51:19 CET.

Flavor Version Tinstall Tcheck Ttotal Status Flags
r-devel-linux-x86_64-debian-clang 0.1.1 89.54 50.24 139.78 OK
r-devel-linux-x86_64-debian-gcc 0.1.1 62.81 39.85 102.66 OK
r-devel-linux-x86_64-fedora-clang 0.1.1 187.71 NOTE
r-devel-linux-x86_64-fedora-gcc 0.1.1 184.21 OK
r-devel-windows-ix86+x86_64 0.1.1 215.00 97.00 312.00 OK
r-devel-windows-ix86+x86_64-gcc8 0.1.1 172.00 105.00 277.00 OK
r-patched-linux-x86_64 0.1.1 70.43 45.11 115.54 OK
r-patched-solaris-x86 0.1.1 173.30 OK
r-release-linux-x86_64 0.1.1 70.49 44.67 115.16 OK
r-release-windows-ix86+x86_64 0.1.1 154.00 130.00 284.00 OK
r-release-osx-x86_64 0.1.1 OK
r-oldrel-windows-ix86+x86_64 0.1.1 150.00 87.00 237.00 OK
r-oldrel-osx-x86_64 0.1.1 OK

Check Details

Version: 0.1.1
Check: installed package size
Result: NOTE
     installed size is 6.4Mb
     sub-directories of 1Mb or more:
     libs 6.2Mb
Flavor: r-devel-linux-x86_64-fedora-clang