CRAN Package Check Results for Package Rlda

Last updated on 2020-07-02 02:09:59 CEST.

Flavor Version Tinstall Tcheck Ttotal Status Flags
r-devel-linux-x86_64-debian-clang 0.2.6 134.91 43.80 178.71 OK
r-devel-linux-x86_64-debian-gcc 0.2.6 105.39 34.48 139.87 OK
r-devel-linux-x86_64-fedora-clang 0.2.6 254.84 NOTE
r-devel-linux-x86_64-fedora-gcc 0.2.6 229.27 OK
r-devel-windows-ix86+x86_64 0.2.6 326.00 92.00 418.00 OK
r-patched-linux-x86_64 0.2.6 110.89 43.66 154.55 OK
r-patched-solaris-x86 0.2.6 209.70 OK
r-release-linux-x86_64 0.2.6 105.80 44.20 150.00 OK
r-release-osx-x86_64 0.2.6 NOTE
r-release-windows-ix86+x86_64 0.2.6 232.00 89.00 321.00 OK
r-oldrel-osx-x86_64 0.2.6 NOTE
r-oldrel-windows-ix86+x86_64 0.2.6 246.00 141.00 387.00 OK

Check Details

Version: 0.2.6
Check: installed package size
Result: NOTE
     installed size is 8.5Mb
     sub-directories of 1Mb or more:
     libs 7.5Mb
Flavors: r-devel-linux-x86_64-fedora-clang, r-release-osx-x86_64, r-oldrel-osx-x86_64