CRAN Package Check Results for Package Rlgt

Last updated on 2020-06-03 01:50:56 CEST.

Flavor Version Tinstall Tcheck Ttotal Status Flags
r-devel-linux-x86_64-debian-clang 0.1-3 403.26 110.26 513.52 NOTE
r-devel-linux-x86_64-debian-gcc 0.1-3 344.71 97.48 442.19 NOTE
r-devel-linux-x86_64-fedora-clang 0.1-3 731.01 NOTE
r-devel-linux-x86_64-fedora-gcc 0.1-3 809.30 NOTE
r-devel-windows-ix86+x86_64 0.1-3 745.00 260.00 1005.00 NOTE
r-patched-linux-x86_64 0.1-3 392.64 123.06 515.70 NOTE
r-patched-solaris-x86 0.1-3 656.60 NOTE
r-release-linux-x86_64 0.1-3 386.92 121.47 508.39 NOTE
r-release-osx-x86_64 0.1-3 NOTE
r-release-windows-ix86+x86_64 0.1-3 628.00 198.00 826.00 NOTE
r-oldrel-osx-x86_64 0.1-3 NOTE
r-oldrel-windows-ix86+x86_64 0.1-3 646.00 193.00 839.00 NOTE

Check Details

Version: 0.1-3
Check: for GNU extensions in Makefiles
Result: NOTE
    GNU make is a SystemRequirements.
Flavors: r-devel-linux-x86_64-debian-clang, r-devel-linux-x86_64-debian-gcc, r-devel-linux-x86_64-fedora-clang, r-devel-linux-x86_64-fedora-gcc, r-devel-windows-ix86+x86_64, r-patched-linux-x86_64, r-patched-solaris-x86, r-release-linux-x86_64, r-release-osx-x86_64, r-release-windows-ix86+x86_64, r-oldrel-osx-x86_64, r-oldrel-windows-ix86+x86_64

Version: 0.1-3
Check: installed package size
Result: NOTE
     installed size is 70.6Mb
     sub-directories of 1Mb or more:
     libs 70.0Mb
Flavors: r-devel-linux-x86_64-fedora-clang, r-devel-windows-ix86+x86_64, r-release-osx-x86_64, r-release-windows-ix86+x86_64, r-oldrel-osx-x86_64, r-oldrel-windows-ix86+x86_64