CRAN Package Check Results for Package Rlgt

Last updated on 2019-10-16 02:46:50 CEST.

Flavor Version Tinstall Tcheck Ttotal Status Flags
r-devel-linux-x86_64-debian-clang 0.1-3 312.33 93.03 405.36 NOTE
r-devel-linux-x86_64-debian-gcc 0.1-3 319.47 86.58 406.05 NOTE
r-devel-linux-x86_64-fedora-clang 0.1-3 590.79 NOTE
r-devel-linux-x86_64-fedora-gcc 0.1-3 713.89 NOTE
r-devel-windows-ix86+x86_64 0.1-3 535.00 176.00 711.00 NOTE
r-patched-linux-x86_64 0.1-3 316.54 102.59 419.13 NOTE
r-patched-solaris-x86 0.1-3 564.00 NOTE
r-release-linux-x86_64 0.1-3 319.93 104.66 424.59 NOTE
r-release-windows-ix86+x86_64 0.1-3 500.00 176.00 676.00 NOTE
r-release-osx-x86_64 0.1-3 NOTE
r-oldrel-windows-ix86+x86_64 0.1-3 494.00 182.00 676.00 NOTE
r-oldrel-osx-x86_64 0.1-3 NOTE

Check Details

Version: 0.1-3
Check: for GNU extensions in Makefiles
Result: NOTE
    GNU make is a SystemRequirements.
Flavors: r-devel-linux-x86_64-debian-clang, r-devel-linux-x86_64-debian-gcc, r-devel-linux-x86_64-fedora-clang, r-devel-linux-x86_64-fedora-gcc, r-devel-windows-ix86+x86_64, r-patched-linux-x86_64, r-patched-solaris-x86, r-release-linux-x86_64, r-release-windows-ix86+x86_64, r-release-osx-x86_64, r-oldrel-windows-ix86+x86_64, r-oldrel-osx-x86_64

Version: 0.1-3
Check: installed package size
Result: NOTE
     installed size is 53.8Mb
     sub-directories of 1Mb or more:
     libs 53.3Mb
Flavors: r-devel-linux-x86_64-fedora-clang, r-devel-windows-ix86+x86_64, r-release-windows-ix86+x86_64, r-release-osx-x86_64, r-oldrel-windows-ix86+x86_64, r-oldrel-osx-x86_64