CRAN Package Check Results for Package Rlgt

Last updated on 2024-03-04 07:48:39 CET.

Flavor Version Tinstall Tcheck Ttotal Status Flags
r-devel-linux-x86_64-debian-clang 0.2-1 1024.48 223.27 1247.75 NOTE
r-devel-linux-x86_64-debian-gcc 0.2-1 989.17 224.63 1213.80 NOTE
r-devel-linux-x86_64-fedora-clang 0.2-1 1577.58 NOTE
r-devel-linux-x86_64-fedora-gcc 0.2-1 1960.00 NOTE
r-devel-windows-x86_64 0.2-1 788.00 240.00 1028.00 NOTE
r-patched-linux-x86_64 0.2-1 743.63 276.10 1019.73 NOTE
r-release-linux-x86_64 0.2-1 900.92 287.37 1188.29 NOTE
r-release-macos-arm64 0.2-1 554.00 NOTE
r-release-macos-x86_64 0.2-1 654.00 NOTE
r-release-windows-x86_64 0.2-1 1053.00 319.00 1372.00 NOTE
r-oldrel-macos-arm64 0.2-1 514.00 NOTE
r-oldrel-windows-x86_64 0.2-1 996.00 295.00 1291.00 NOTE

Check Details

Version: 0.2-1
Check: for GNU extensions in Makefiles
Result: NOTE GNU make is a SystemRequirements. Flavors: r-devel-linux-x86_64-debian-clang, r-devel-linux-x86_64-debian-gcc, r-devel-linux-x86_64-fedora-clang, r-devel-linux-x86_64-fedora-gcc, r-devel-windows-x86_64, r-patched-linux-x86_64, r-release-linux-x86_64, r-release-macos-arm64, r-release-macos-x86_64, r-release-windows-x86_64, r-oldrel-macos-arm64, r-oldrel-windows-x86_64

Version: 0.2-1
Check: installed package size
Result: NOTE installed size is 10.4Mb sub-directories of 1Mb or more: libs 9.5Mb Flavors: r-devel-linux-x86_64-fedora-clang, r-devel-windows-x86_64, r-release-macos-arm64, r-release-macos-x86_64, r-release-windows-x86_64, r-oldrel-macos-arm64, r-oldrel-windows-x86_64