CRAN Package Check Results for Package Rlinsolve

Last updated on 2020-07-07 02:08:34 CEST.

Flavor Version Tinstall Tcheck Ttotal Status Flags
r-devel-linux-x86_64-debian-clang 0.3.1 327.29 67.18 394.47 OK
r-devel-linux-x86_64-debian-gcc 0.3.1 238.93 52.86 291.79 OK
r-devel-linux-x86_64-fedora-clang 0.3.1 560.54 NOTE
r-devel-linux-x86_64-fedora-gcc 0.3.1 480.72 NOTE
r-devel-windows-ix86+x86_64 0.3.1 486.00 124.00 610.00 OK
r-patched-linux-x86_64 0.3.1 248.64 65.84 314.48 OK
r-patched-solaris-x86 0.3.1 413.30 NOTE
r-release-linux-x86_64 0.3.1 245.87 66.12 311.99 OK
r-release-osx-x86_64 0.3.1 NOTE
r-release-windows-ix86+x86_64 0.3.1 509.00 114.00 623.00 OK
r-oldrel-osx-x86_64 0.3.1 NOTE
r-oldrel-windows-ix86+x86_64 0.3.1 497.00 140.00 637.00 OK

Check Details

Version: 0.3.1
Check: installed package size
Result: NOTE
     installed size is 27.2Mb
     sub-directories of 1Mb or more:
     libs 27.0Mb
Flavors: r-devel-linux-x86_64-fedora-clang, r-release-osx-x86_64, r-oldrel-osx-x86_64

Version: 0.3.1
Check: dependencies in R code
Result: NOTE
    Namespace in Imports field not imported from: ‘Rdpack’
     All declared Imports should be used.
Flavors: r-devel-linux-x86_64-fedora-clang, r-devel-linux-x86_64-fedora-gcc, r-patched-solaris-x86, r-release-osx-x86_64, r-oldrel-osx-x86_64