CRAN Package Check Results for Package Rmpi

Last updated on 2022-12-09 01:50:39 CET.

Flavor Version Tinstall Tcheck Ttotal Status Flags
r-devel-linux-x86_64-debian-clang 0.6-9.2 6.09 43.55 49.64 WARN
r-devel-linux-x86_64-debian-gcc 0.6-9.2 5.46 37.99 43.45 WARN
r-devel-linux-x86_64-fedora-clang 0.6-9.2 80.12 WARN
r-devel-linux-x86_64-fedora-gcc 0.6-9.2 77.73 WARN
r-devel-windows-x86_64 0.6-9.2 275.00 94.00 369.00 NOTE
r-patched-linux-x86_64 0.6-9.2 7.51 40.07 47.58 OK
r-release-linux-x86_64 0.6-9.2 7.90 39.68 47.58 OK
r-release-macos-arm64 0.6-9.2 10.00 ERROR
r-release-macos-x86_64 0.6-9.2 16.00 ERROR
r-release-windows-x86_64 0.6-9.2 91.00 66.00 157.00 OK
r-oldrel-macos-arm64 0.6-9.2 1803.00 OK
r-oldrel-macos-x86_64 0.6-9.2 19.00 ERROR
r-oldrel-windows-ix86+x86_64 0.6-9.2 15.00 49.00 64.00 OK

Additional issues

donttest

Check Details

Version: 0.6-9.2
Check: whether package can be installed
Result: WARN
    Found the following significant warnings:
     ./Rmpi.h:34:20: warning: a function declaration without a prototype is deprecated in all versions of C [-Wstrict-prototypes]
     ./Rmpi.h:35:18: warning: a function declaration without a prototype is deprecated in all versions of C [-Wstrict-prototypes]
     ./Rmpi.h:36:28: warning: a function declaration without a prototype is deprecated in all versions of C [-Wstrict-prototypes]
     ./Rmpi.h:37:23: warning: a function declaration without a prototype is deprecated in all versions of C [-Wstrict-prototypes]
     ./Rmpi.h:38:20: warning: a function declaration without a prototype is deprecated in all versions of C [-Wstrict-prototypes]
     ./Rmpi.h:39:17: warning: a function declaration without a prototype is deprecated in all versions of C [-Wstrict-prototypes]
     ./Rmpi.h:40:19: warning: a function declaration without a prototype is deprecated in all versions of C [-Wstrict-prototypes]
     ./Rmpi.h:41:19: warning: a function declaration without a prototype is deprecated in all versions of C [-Wstrict-prototypes]
     ./Rmpi.h:47:22: warning: a function declaration without a prototype is deprecated in all versions of C [-Wstrict-prototypes]
     ./Rmpi.h:49:24: warning: a function declaration without a prototype is deprecated in all versions of C [-Wstrict-prototypes]
     ./Rmpi.h:51:25: warning: a function declaration without a prototype is deprecated in all versions of C [-Wstrict-prototypes]
     ./Rmpi.h:89:19: warning: a function declaration without a prototype is deprecated in all versions of C [-Wstrict-prototypes]
     Rmpi.c:38:13: warning: a function declaration without a prototype is deprecated in all versions of C [-Wstrict-prototypes]
     Rmpi.c:60:20: warning: a function declaration without a prototype is deprecated in all versions of C [-Wstrict-prototypes]
     Rmpi.c:110:18: warning: a function declaration without a prototype is deprecated in all versions of C [-Wstrict-prototypes]
     Rmpi.c:121:29: warning: a function declaration without a prototype is deprecated in all versions of C [-Wstrict-prototypes]
     Rmpi.c:142:23: warning: a function declaration without a prototype is deprecated in all versions of C [-Wstrict-prototypes]
     Rmpi.c:153:20: warning: a function declaration without a prototype is deprecated in all versions of C [-Wstrict-prototypes]
     Rmpi.c:157:17: warning: a function declaration without a prototype is deprecated in all versions of C [-Wstrict-prototypes]
     Rmpi.c:161:19: warning: a function declaration without a prototype is deprecated in all versions of C [-Wstrict-prototypes]
     Rmpi.c:165:19: warning: a function declaration without a prototype is deprecated in all versions of C [-Wstrict-prototypes]
     Rmpi.c:208:22: warning: a function declaration without a prototype is deprecated in all versions of C [-Wstrict-prototypes]
     Rmpi.c:221:24: warning: a function declaration without a prototype is deprecated in all versions of C [-Wstrict-prototypes]
     Rmpi.c:235:25: warning: a function declaration without a prototype is deprecated in all versions of C [-Wstrict-prototypes]
     Rmpi.c:1068:19: warning: a function declaration without a prototype is deprecated in all versions of C [-Wstrict-prototypes]
     conversion.c:31:9: warning: a function declaration without a prototype is deprecated in all versions of C [-Wstrict-prototypes]
Flavor: r-devel-linux-x86_64-debian-clang

Version: 0.6-9.2
Check: Rd files
Result: NOTE
    checkRd: (-1) internal.Rd:7: Escaped LaTeX specials: \_ \_
    checkRd: (-1) mpi.abort.Rd:2: Escaped LaTeX specials: \_
    checkRd: (-1) mpi.barrier.Rd:2: Escaped LaTeX specials: \_
    checkRd: (-1) mpi.bcast.Rd:2: Escaped LaTeX specials: \_
    checkRd: (-1) mpi.bcast.Robj.Rd:2: Escaped LaTeX specials: \_
    checkRd: (-1) mpi.bcast.cmd.Rd:2: Escaped LaTeX specials: \_
    checkRd: (-1) mpi.cart.coords.Rd:2: Escaped LaTeX specials: \_ \_
    checkRd: (-1) mpi.cart.create.Rd:2: Escaped LaTeX specials: \_ \_
    checkRd: (-1) mpi.cart.get.Rd:2: Escaped LaTeX specials: \_ \_
    checkRd: (-1) mpi.cart.rank.Rd:2: Escaped LaTeX specials: \_ \_
    checkRd: (-1) mpi.cart.shift.Rd:2: Escaped LaTeX specials: \_ \_
    checkRd: (-1) mpi.cartdim.get.Rd:2: Escaped LaTeX specials: \_ \_
    checkRd: (-1) mpi.comm.Rd:2: Escaped LaTeX specials: \_ \_ \_ \_ \_ \_ \_ \_
    checkRd: (-1) mpi.comm.disconnect.Rd:2: Escaped LaTeX specials: \_ \_
    checkRd: (-1) mpi.comm.disconnect.Rd:12: Escaped LaTeX specials: \_ \_
    checkRd: (-1) mpi.comm.free.Rd:2: Escaped LaTeX specials: \_ \_
    checkRd: (-1) mpi.comm.free.Rd:12: Escaped LaTeX specials: \_ \_
    checkRd: (-1) mpi.comm.inter.Rd:2: Escaped LaTeX specials: \_ \_ \_ \_ \_ \_ \_ \_ \_
    checkRd: (-1) mpi.comm.set.errhandler.Rd:2: Escaped LaTeX specials: \_ \_ \_
    checkRd: (-1) mpi.comm.set.errhandler.Rd:11: Escaped LaTeX specials: \_ \_
    checkRd: (-1) mpi.comm.set.errhandler.Rd:13: Escaped LaTeX specials: \_ \_ \_
    checkRd: (-1) mpi.comm.set.errhandler.Rd:16: Escaped LaTeX specials: \_ \_
    checkRd: (-1) mpi.comm.spawn.Rd:3: Escaped LaTeX specials: \_ \_
    checkRd: (-1) mpi.comm.spawn.Rd:9: Escaped LaTeX specials: \_ \_
    checkRd: (-1) mpi.const.Rd:7: Escaped LaTeX specials: \_ \_ \_ \_ \_ \_
    checkRd: (-1) mpi.const.Rd:25: Escaped LaTeX specials: \_ \_ \_ \_ \_ \_
    checkRd: (-1) mpi.dims.create.Rd:2: Escaped LaTeX specials: \_ \_
    checkRd: (-1) mpi.finalize.Rd:3: Escaped LaTeX specials: \_
    checkRd: (-1) mpi.gather.Rd:2: Escaped LaTeX specials: \_ \_ \_ \_
    checkRd: (-1) mpi.gather.Robj.Rd:2: Escaped LaTeX specials: \_ \_
    checkRd: (-1) mpi.get.count.Rd:2: Escaped LaTeX specials: \_ \_
    checkRd: (-1) mpi.get.processor.name.Rd:2: Escaped LaTeX specials: \_ \_ \_
    checkRd: (-1) mpi.info.Rd:6: Escaped LaTeX specials: \_ \_ \_ \_ \_ \_ \_ \_
    checkRd: (-1) mpi.info.Rd:14: Escaped LaTeX specials: \_ \_
    checkRd: (-1) mpi.intercomm.merge.Rd:2: Escaped LaTeX specials: \_ \_
    checkRd: (-1) mpi.probe.Rd:2: Escaped LaTeX specials: \_ \_
    checkRd: (-1) mpi.reduce.Rd:2: Escaped LaTeX specials: \_ \_
    checkRd: (-1) mpi.scatter.Rd:2: Escaped LaTeX specials: \_ \_
    checkRd: (-1) mpi.scatter.Robj.Rd:2: Escaped LaTeX specials: \_ \_
    checkRd: (-1) mpi.send.Rd:2: Escaped LaTeX specials: \_ \_ \_ \_
    checkRd: (-1) mpi.send.Robj.Rd:2: Escaped LaTeX specials: \_ \_
    checkRd: (-1) mpi.sendrecv.Rd:2: Escaped LaTeX specials: \_ \_ \_
    checkRd: (-1) mpi.universe.size.Rd:2: Escaped LaTeX specials: \_ \_
    checkRd: (-1) mpi.wait.Rd:81: Escaped LaTeX specials: \_ \_
    checkRd: (-1) mpi.wait.Rd:69: Escaped LaTeX specials: \$
    checkRd: (-1) mpi.wait.Rd:71: Escaped LaTeX specials: \$
    checkRd: (-1) mpi.wait.Rd:74: Escaped LaTeX specials: \$
    checkRd: (-1) mpi.wait.Rd:75: Escaped LaTeX specials: \$
Flavors: r-devel-linux-x86_64-debian-clang, r-devel-linux-x86_64-debian-gcc, r-devel-linux-x86_64-fedora-clang, r-devel-linux-x86_64-fedora-gcc, r-devel-windows-x86_64

Version: 0.6-9.2
Check: whether package can be installed
Result: WARN
    Found the following significant warnings:
     Rmpi.h:34:1: warning: function declaration isn’t a prototype [-Wstrict-prototypes]
     Rmpi.h:35:1: warning: function declaration isn’t a prototype [-Wstrict-prototypes]
     Rmpi.h:36:1: warning: function declaration isn’t a prototype [-Wstrict-prototypes]
     Rmpi.h:37:1: warning: function declaration isn’t a prototype [-Wstrict-prototypes]
     Rmpi.h:38:1: warning: function declaration isn’t a prototype [-Wstrict-prototypes]
     Rmpi.h:39:1: warning: function declaration isn’t a prototype [-Wstrict-prototypes]
     Rmpi.h:40:1: warning: function declaration isn’t a prototype [-Wstrict-prototypes]
     Rmpi.h:41:1: warning: function declaration isn’t a prototype [-Wstrict-prototypes]
     Rmpi.h:47:1: warning: function declaration isn’t a prototype [-Wstrict-prototypes]
     Rmpi.h:49:1: warning: function declaration isn’t a prototype [-Wstrict-prototypes]
     Rmpi.h:51:1: warning: function declaration isn’t a prototype [-Wstrict-prototypes]
     Rmpi.h:89:1: warning: function declaration isn’t a prototype [-Wstrict-prototypes]
     Rmpi.c:38:6: warning: function declaration isn’t a prototype [-Wstrict-prototypes]
     Rmpi.c:60:6: warning: function declaration isn’t a prototype [-Wstrict-prototypes]
     Rmpi.c:110:6: warning: function declaration isn’t a prototype [-Wstrict-prototypes]
     Rmpi.c:121:6: warning: function declaration isn’t a prototype [-Wstrict-prototypes]
     Rmpi.c:142:6: warning: function declaration isn’t a prototype [-Wstrict-prototypes]
     Rmpi.c:153:6: warning: function declaration isn’t a prototype [-Wstrict-prototypes]
     Rmpi.c:157:6: warning: function declaration isn’t a prototype [-Wstrict-prototypes]
     Rmpi.c:161:6: warning: function declaration isn’t a prototype [-Wstrict-prototypes]
     Rmpi.c:165:6: warning: function declaration isn’t a prototype [-Wstrict-prototypes]
     Rmpi.c:208:6: warning: function declaration isn’t a prototype [-Wstrict-prototypes]
     Rmpi.c:221:6: warning: function declaration isn’t a prototype [-Wstrict-prototypes]
     Rmpi.c:235:6: warning: function declaration isn’t a prototype [-Wstrict-prototypes]
     Rmpi.c:1068:6: warning: function declaration isn’t a prototype [-Wstrict-prototypes]
     conversion.c:31:6: warning: function declaration isn’t a prototype [-Wstrict-prototypes]
Flavors: r-devel-linux-x86_64-debian-gcc, r-devel-linux-x86_64-fedora-gcc

Version: 0.6-9.2
Check: whether package can be installed
Result: WARN
    Found the following significant warnings:
     ./Rmpi.h:34:20: warning: a function declaration without a prototype is deprecated in all versions of C [-Wstrict-prototypes]
     ./Rmpi.h:35:18: warning: a function declaration without a prototype is deprecated in all versions of C [-Wstrict-prototypes]
     ./Rmpi.h:36:28: warning: a function declaration without a prototype is deprecated in all versions of C [-Wstrict-prototypes]
     ./Rmpi.h:37:23: warning: a function declaration without a prototype is deprecated in all versions of C [-Wstrict-prototypes]
     ./Rmpi.h:38:20: warning: a function declaration without a prototype is deprecated in all versions of C [-Wstrict-prototypes]
     ./Rmpi.h:39:17: warning: a function declaration without a prototype is deprecated in all versions of C [-Wstrict-prototypes]
     ./Rmpi.h:40:19: warning: a function declaration without a prototype is deprecated in all versions of C [-Wstrict-prototypes]
     ./Rmpi.h:41:19: warning: a function declaration without a prototype is deprecated in all versions of C [-Wstrict-prototypes]
     ./Rmpi.h:47:22: warning: a function declaration without a prototype is deprecated in all versions of C [-Wstrict-prototypes]
     ./Rmpi.h:49:24: warning: a function declaration without a prototype is deprecated in all versions of C [-Wstrict-prototypes]
     ./Rmpi.h:51:25: warning: a function declaration without a prototype is deprecated in all versions of C [-Wstrict-prototypes]
     ./Rmpi.h:89:19: warning: a function declaration without a prototype is deprecated in all versions of C [-Wstrict-prototypes]
     Rmpi.c:38:13: warning: a function declaration without a prototype is deprecated in all versions of C [-Wstrict-prototypes]
     Rmpi.c:60:20: warning: a function declaration without a prototype is deprecated in all versions of C [-Wstrict-prototypes]
     Rmpi.c:110:18: warning: a function declaration without a prototype is deprecated in all versions of C [-Wstrict-prototypes]
     Rmpi.c:121:29: warning: a function declaration without a prototype is deprecated in all versions of C [-Wstrict-prototypes]
     Rmpi.c:142:23: warning: a function declaration without a prototype is deprecated in all versions of C [-Wstrict-prototypes]
     Rmpi.c:153:20: warning: a function declaration without a prototype is deprecated in all versions of C [-Wstrict-prototypes]
     Rmpi.c:157:17: warning: a function declaration without a prototype is deprecated in all versions of C [-Wstrict-prototypes]
     Rmpi.c:161:19: warning: a function declaration without a prototype is deprecated in all versions of C [-Wstrict-prototypes]
     Rmpi.c:165:19: warning: a function declaration without a prototype is deprecated in all versions of C [-Wstrict-prototypes]
     Rmpi.c:208:22: warning: a function declaration without a prototype is deprecated in all versions of C [-Wstrict-prototypes]
     Rmpi.c:221:24: warning: a function declaration without a prototype is deprecated in all versions of C [-Wstrict-prototypes]
     Rmpi.c:235:25: warning: a function declaration without a prototype is deprecated in all versions of C [-Wstrict-prototypes]
     conversion.c:31:9: warning: a function declaration without a prototype is deprecated in all versions of C [-Wstrict-prototypes]
     Rmpi.c:1068:19: warning: a function declaration without a prototype is deprecated in all versions of C [-Wstrict-prototypes]
Flavor: r-devel-linux-x86_64-fedora-clang

Version: 0.6-9.2
Check: whether package can be installed
Result: ERROR
    Installation failed.
Flavors: r-release-macos-arm64, r-release-macos-x86_64, r-oldrel-macos-x86_64