Last updated on 2023-12-03 08:50:20 CET.
Flavor | Version | Tinstall | Tcheck | Ttotal | Status | Flags |
---|---|---|---|---|---|---|
r-devel-linux-x86_64-debian-clang | 0.0.3 | 6.81 | 54.72 | 61.53 | OK | |
r-devel-linux-x86_64-debian-gcc | 0.0.3 | 4.97 | 40.50 | 45.47 | OK | |
r-devel-linux-x86_64-fedora-clang | 0.0.3 | 76.69 | NOTE | |||
r-devel-linux-x86_64-fedora-gcc | 0.0.3 | 76.85 | NOTE | |||
r-devel-windows-x86_64 | 0.0.3 | 8.00 | 58.00 | 66.00 | OK | |
r-patched-linux-x86_64 | 0.0.3 | 4.28 | 51.78 | 56.06 | OK | |
r-release-linux-x86_64 | 0.0.3 | 3.86 | 51.49 | 55.35 | OK | |
r-release-macos-arm64 | 0.0.3 | 25.00 | OK | |||
r-release-macos-x86_64 | 0.0.3 | 38.00 | OK | |||
r-release-windows-x86_64 | 0.0.3 | 9.00 | 67.00 | 76.00 | OK | |
r-oldrel-macos-arm64 | 0.0.3 | 24.00 | NOTE | |||
r-oldrel-macos-x86_64 | 0.0.3 | 45.00 | NOTE | |||
r-oldrel-windows-x86_64 | 0.0.3 | 9.00 | 70.00 | 79.00 | OK |
Version: 0.0.3
Check: dependencies in R code
Result: NOTE
Namespace in Imports field not imported from: ‘reshape2’
All declared Imports should be used.
Flavors: r-devel-linux-x86_64-fedora-clang, r-devel-linux-x86_64-fedora-gcc, r-oldrel-macos-arm64, r-oldrel-macos-x86_64