CRAN Package Check Results for Package RoBMA

Last updated on 2020-10-28 00:48:09 CET.

Flavor Version Tinstall Tcheck Ttotal Status Flags
r-devel-linux-x86_64-debian-clang 1.0.5 39.49 230.30 269.79 OK
r-devel-linux-x86_64-debian-gcc 1.0.5 31.14 156.09 187.23 OK
r-devel-linux-x86_64-fedora-clang 1.0.5 330.51 NOTE
r-devel-linux-x86_64-fedora-gcc 1.0.5 348.09 NOTE
r-devel-windows-ix86+x86_64 1.0.5 86.00 565.00 651.00 OK
r-patched-linux-x86_64 1.0.5 NOTE
r-patched-solaris-x86 1.0.5 479.20 NOTE
r-release-linux-x86_64 1.0.5 40.87 218.06 258.93 NOTE
r-release-macos-x86_64 1.0.5 NOTE
r-release-windows-ix86+x86_64 1.0.5 67.00 450.00 517.00 OK
r-oldrel-macos-x86_64 1.0.5 ERROR
r-oldrel-windows-ix86+x86_64 1.0.5 85.00 532.00 617.00 OK

Check Details

Version: 1.0.5
Check: dependencies in R code
Result: NOTE
    Namespace in Imports field not imported from: ‘Rdpack’
     All declared Imports should be used.
Flavors: r-devel-linux-x86_64-fedora-clang, r-devel-linux-x86_64-fedora-gcc, r-patched-solaris-x86, r-release-macos-x86_64, r-oldrel-macos-x86_64

Version: 1.0.5
Check: compiled code
Result: NOTE
    File ‘RoBMA/libs/RoBMA.so’:
     Found no calls to: ‘R_registerRoutines’, ‘R_useDynamicSymbols’
    
    It is good practice to register native routines and to disable symbol
    search.
    
    See ‘Writing portable packages’ in the ‘Writing R Extensions’ manual.
Flavors: r-devel-linux-x86_64-fedora-clang, r-devel-linux-x86_64-fedora-gcc

Version: 1.0.5
Check: package dependencies
Result: NOTE
    Packages suggested but not available for checking: 'rstan', 'metaBMA'
Flavors: r-patched-linux-x86_64, r-release-linux-x86_64

Version: 1.0.5
Check: tests
Result: ERROR
     Running ‘testthat.R’ [138s/138s]
    Running the tests in ‘tests/testthat.R’ failed.
    Last 13 lines of output:
     y[9]: "Pub. bias 8/12 0.500 0.545 1.197"
    
     x[13]: "mu 0.602 0.636 0.000 1.390"
     y[13]: "mu 0.600 0.640 0.000 1.383"
    
     x[14]: "tau 0.152 0.000 0.000 0.971"
     y[14]: "tau 0.148 0.000 0.000 0.946"
    
     ══ testthat results ═══════════════════════════════════════════════════════════
     [ OK: 3 | SKIPPED: 7 | WARNINGS: 0 | FAILED: 2 ]
     1. Failure: print function (@test-0-CRAN.R#33)
     2. Failure: summary function (@test-0-CRAN.R#47)
    
     Error: testthat unit tests failed
     Execution halted
Flavor: r-oldrel-macos-x86_64