CRAN Package Check Results for Package RobMixReg

Last updated on 2021-04-20 01:47:18 CEST.

Flavor Version Tinstall Tcheck Ttotal Status Flags
r-devel-linux-x86_64-debian-clang 1.1.0 11.73 90.99 102.72 OK
r-devel-linux-x86_64-debian-gcc 1.1.0 8.89 68.68 77.57 OK
r-devel-linux-x86_64-fedora-clang 1.1.0 129.93 NOTE
r-devel-linux-x86_64-fedora-gcc 1.1.0 119.45 NOTE
r-devel-windows-ix86+x86_64 1.1.0 17.00 83.00 100.00 OK
r-devel-windows-x86_64-gcc10-UCRT 1.1.0 NOTE
r-patched-linux-x86_64 1.1.0 10.68 85.15 95.83 OK
r-patched-solaris-x86 1.1.0 164.80 NOTE
r-release-linux-x86_64 1.1.0 13.24 85.55 98.79 OK
r-release-macos-x86_64 1.1.0 NOTE
r-release-windows-ix86+x86_64 1.1.0 24.00 112.00 136.00 OK
r-oldrel-macos-x86_64 1.1.0 NOTE
r-oldrel-windows-ix86+x86_64 1.1.0 14.00 108.00 122.00 OK

Check Details

Version: 1.1.0
Check: dependencies in R code
Result: NOTE
    Namespace in Imports field not imported from: ‘glmnet’
     All declared Imports should be used.
Flavors: r-devel-linux-x86_64-fedora-clang, r-devel-linux-x86_64-fedora-gcc, r-devel-windows-x86_64-gcc10-UCRT, r-patched-solaris-x86, r-release-macos-x86_64, r-oldrel-macos-x86_64