CRAN Package Check Results for Package RobRSVD

Last updated on 2021-09-26 01:50:04 CEST.

Flavor Version Tinstall Tcheck Ttotal Status Flags
r-devel-linux-x86_64-debian-clang 1.0 2.25 34.03 36.28 NOTE
r-devel-linux-x86_64-debian-gcc 1.0 1.71 27.40 29.11 NOTE
r-devel-linux-x86_64-fedora-clang 1.0 53.04 NOTE
r-devel-linux-x86_64-fedora-gcc 1.0 42.38 NOTE
r-devel-windows-x86_64 1.0 4.00 36.00 40.00 NOTE
r-devel-windows-x86_64-gcc10-UCRT 1.0 NOTE
r-patched-linux-x86_64 1.0 2.29 33.18 35.47 NOTE
r-patched-solaris-x86 1.0 65.50 NOTE
r-release-linux-x86_64 1.0 2.04 33.25 35.29 NOTE
r-release-macos-arm64 1.0 NOTE
r-release-macos-x86_64 1.0 NOTE
r-release-windows-ix86+x86_64 1.0 5.00 49.00 54.00 NOTE
r-oldrel-macos-x86_64 1.0 NOTE
r-oldrel-windows-ix86+x86_64 1.0 4.00 45.00 49.00 NOTE

Check Details

Version: 1.0
Check: R code for possible problems
Result: NOTE
    RobRSVD: no visible global function definition for 'median'
    Undefined global functions or variables:
     median
    Consider adding
     importFrom("stats", "median")
    to your NAMESPACE file.
Flavors: r-devel-linux-x86_64-debian-clang, r-devel-linux-x86_64-debian-gcc, r-devel-linux-x86_64-fedora-clang, r-devel-linux-x86_64-fedora-gcc, r-devel-windows-x86_64, r-devel-windows-x86_64-gcc10-UCRT, r-patched-linux-x86_64, r-patched-solaris-x86, r-release-linux-x86_64, r-release-macos-arm64, r-release-macos-x86_64, r-release-windows-ix86+x86_64, r-oldrel-macos-x86_64, r-oldrel-windows-ix86+x86_64

Version: 1.0
Check: Rd cross-references
Result: NOTE
    Undeclared package ‘svdvisual’ in Rd xrefs
Flavor: r-devel-linux-x86_64-fedora-clang