CRAN Package Check Results for Package RobustGaSP

Last updated on 2020-06-05 01:50:13 CEST.

Flavor Version Tinstall Tcheck Ttotal Status Flags
r-devel-linux-x86_64-debian-clang 0.5.7 58.31 51.39 109.70 OK
r-devel-linux-x86_64-debian-gcc 0.5.7 53.64 37.61 91.25 OK
r-devel-linux-x86_64-fedora-clang 0.5.7 160.97 NOTE
r-devel-linux-x86_64-fedora-gcc 0.5.7 151.76 OK
r-devel-windows-ix86+x86_64 0.5.7 137.00 138.00 275.00 OK
r-patched-linux-x86_64 0.5.7 59.58 49.67 109.25 OK
r-patched-solaris-x86 0.5.7 146.70 OK
r-release-linux-x86_64 0.5.7 65.25 49.22 114.47 OK
r-release-osx-x86_64 0.5.7 NOTE
r-release-windows-ix86+x86_64 0.5.7 105.00 161.00 266.00 OK
r-oldrel-osx-x86_64 0.5.7 NOTE
r-oldrel-windows-ix86+x86_64 0.5.7 122.00 109.00 231.00 OK

Check Details

Version: 0.5.7
Check: installed package size
Result: NOTE
     installed size is 24.1Mb
     sub-directories of 1Mb or more:
     libs 23.5Mb
Flavors: r-devel-linux-x86_64-fedora-clang, r-release-osx-x86_64, r-oldrel-osx-x86_64