CRAN Package Check Results for Package Rook

Last updated on 2020-07-13 01:48:57 CEST.

Flavor Version Tinstall Tcheck Ttotal Status Flags
r-devel-linux-x86_64-debian-clang 1.1-1 5.80 30.77 36.57 OK
r-devel-linux-x86_64-debian-gcc 1.1-1 4.76 24.26 29.02 OK
r-devel-linux-x86_64-fedora-clang 1.1-1 53.91 NOTE
r-devel-linux-x86_64-fedora-gcc 1.1-1 46.19 NOTE
r-devel-windows-ix86+x86_64 1.1-1 13.00 53.00 66.00 OK
r-patched-linux-x86_64 1.1-1 5.47 30.96 36.43 OK
r-patched-solaris-x86 1.1-1 64.70 OK
r-release-linux-x86_64 1.1-1 5.12 30.54 35.66 OK
r-release-macos-x86_64 1.1-1 OK
r-release-windows-ix86+x86_64 1.1-1 12.00 43.00 55.00 OK
r-oldrel-macos-x86_64 1.1-1 OK
r-oldrel-windows-ix86+x86_64 1.1-1 11.00 65.00 76.00 OK

Additional issues

rchk

Check Details

Version: 1.1-1
Check: compiled code
Result: NOTE
    File ‘Rook/libs/Rook.so’:
     Found no call to: ‘R_useDynamicSymbols’
    
    It is good practice to register native routines and to disable symbol
    search.
    
    See ‘Writing portable packages’ in the ‘Writing R Extensions’ manual.
Flavors: r-devel-linux-x86_64-fedora-clang, r-devel-linux-x86_64-fedora-gcc