CRAN Package Check Results for Package RoughSets

Last updated on 2020-07-15 01:48:43 CEST.

Flavor Version Tinstall Tcheck Ttotal Status Flags
r-devel-linux-x86_64-debian-clang 1.3-7 33.62 65.09 98.71 OK
r-devel-linux-x86_64-debian-gcc 1.3-7 25.34 49.35 74.69 OK
r-devel-linux-x86_64-fedora-clang 1.3-7 134.77 OK
r-devel-linux-x86_64-fedora-gcc 1.3-7 128.48 OK
r-devel-windows-ix86+x86_64 1.3-7 82.00 141.00 223.00 OK
r-patched-linux-x86_64 1.3-7 26.41 64.24 90.65 OK
r-patched-solaris-x86 1.3-7 136.50 OK
r-release-linux-x86_64 1.3-7 25.74 64.66 90.40 OK
r-release-macos-x86_64 1.3-7 ERROR
r-release-windows-ix86+x86_64 1.3-7 84.00 111.00 195.00 OK
r-oldrel-macos-x86_64 1.3-7 OK
r-oldrel-windows-ix86+x86_64 1.3-7 72.00 121.00 193.00 OK

Check Details

Version: 1.3-7
Check: whether package can be installed
Result: ERROR
    Installation failed.
Flavor: r-release-macos-x86_64