Last updated on 2023-01-28 01:50:20 CET.
Flavor | Version | Tinstall | Tcheck | Ttotal | Status | Flags |
---|---|---|---|---|---|---|
r-devel-linux-x86_64-debian-clang | 2.3 | 7.22 | 70.76 | 77.98 | WARN | |
r-devel-linux-x86_64-debian-gcc | 2.3 | 6.62 | 51.93 | 58.55 | WARN | |
r-devel-linux-x86_64-fedora-clang | 2.3 | 96.44 | WARN | |||
r-devel-linux-x86_64-fedora-gcc | 2.3 | 90.06 | WARN | |||
r-devel-windows-x86_64 | 2.3 | 11.00 | 102.00 | 113.00 | WARN | |
r-patched-linux-x86_64 | 2.3 | 12.78 | 65.43 | 78.21 | WARN | |
r-release-linux-x86_64 | 2.3 | 8.33 | 65.43 | 73.76 | WARN | |
r-release-macos-arm64 | 2.3 | 30.00 | OK | |||
r-release-macos-x86_64 | 2.3 | 38.00 | OK | |||
r-release-windows-x86_64 | 2.3 | 40.00 | 89.00 | 129.00 | WARN | |
r-oldrel-macos-arm64 | 2.3 | 40.00 | OK | |||
r-oldrel-macos-x86_64 | 2.3 | 56.00 | OK | |||
r-oldrel-windows-ix86+x86_64 | 2.3 | 15.00 | 86.00 | 101.00 | WARN |
Version: 2.3
Check: examples
Result: WARN
Found the following significant warnings:
Warning: 'rgl::rgl.texts' is deprecated.
Warning: 'rgl::rgl.texts' is deprecated.
Deprecated functions may be defunct as soon as of the next release of
R.
See ?Deprecated.
Flavors: r-devel-linux-x86_64-debian-clang, r-devel-linux-x86_64-debian-gcc, r-devel-linux-x86_64-fedora-clang, r-devel-linux-x86_64-fedora-gcc, r-devel-windows-x86_64, r-patched-linux-x86_64, r-release-linux-x86_64, r-release-windows-x86_64, r-oldrel-windows-ix86+x86_64
Version: 2.3
Check: for non-standard things in the check directory
Result: NOTE
Found the following files/directories:
‘Rpdb.pdb’
Flavors: r-devel-linux-x86_64-debian-clang, r-devel-linux-x86_64-debian-gcc, r-devel-linux-x86_64-fedora-clang, r-devel-linux-x86_64-fedora-gcc, r-patched-linux-x86_64, r-release-linux-x86_64