Last updated on 2023-12-06 07:50:27 CET.
Flavor | Version | Tinstall | Tcheck | Ttotal | Status | Flags |
---|---|---|---|---|---|---|
r-devel-linux-x86_64-debian-clang | 1.1.2 | 124.70 | 503.27 | 627.97 | NOTE | |
r-devel-linux-x86_64-debian-gcc | 1.1.2 | 81.36 | 355.55 | 436.91 | NOTE | |
r-devel-linux-x86_64-fedora-clang | 1.1.2 | 786.41 | NOTE | |||
r-devel-linux-x86_64-fedora-gcc | 1.1.2 | 774.09 | NOTE | |||
r-devel-windows-x86_64 | 1.1.2 | 87.00 | 377.00 | 464.00 | NOTE | |
r-patched-linux-x86_64 | 1.1.2 | 75.48 | 466.29 | 541.77 | NOTE | |
r-release-linux-x86_64 | 1.1.2 | 78.92 | 456.96 | 535.88 | NOTE | |
r-release-macos-arm64 | 1.1.2 | 233.00 | NOTE | |||
r-release-macos-x86_64 | 1.1.2 | 390.00 | NOTE | |||
r-release-windows-x86_64 | 1.1.2 | 114.00 | 496.00 | 610.00 | NOTE | |
r-oldrel-macos-arm64 | 1.1.2 | 203.00 | NOTE | |||
r-oldrel-macos-x86_64 | 1.1.2 | 238.00 | NOTE | |||
r-oldrel-windows-x86_64 | 1.1.2 | 114.00 | 480.00 | 594.00 | OK |
Version: 1.1.2
Check: C++ specification
Result: NOTE
Specified C++11: please drop specification unless essential
Flavors: r-devel-linux-x86_64-debian-clang, r-devel-linux-x86_64-debian-gcc, r-devel-linux-x86_64-fedora-clang, r-devel-linux-x86_64-fedora-gcc, r-devel-windows-x86_64, r-patched-linux-x86_64, r-release-linux-x86_64, r-release-macos-arm64, r-release-macos-x86_64, r-release-windows-x86_64
Version: 1.1.2
Check: Rd files
Result: NOTE
checkRd: (-1) RprobitB_normalization.Rd:85: Lost braces; missing escapes or markup?
85 | \item For level normalization, {RprobitB} takes utility differences with
| ^
checkRd: (-1) RprobitB_normalization.Rd:87: Lost braces; missing escapes or markup?
87 | For the ordered model where only one utility is modeled, {RprobitB}
| ^
checkRd: (-1) as_cov_names.Rd:22: Lost braces; missing escapes or markup?
22 | In {RprobitB}, alternative specific covariates must be named in the format
| ^
checkRd: (-1) update_s.Rd:30: Lost braces; missing escapes or markup?
30 | Note that in {RprobitB}, \eqn{\delta_1=\dots=\delta_C}. This restriction is necessary because the class number \eqn{C} can change.
| ^
Flavors: r-devel-linux-x86_64-debian-clang, r-devel-linux-x86_64-debian-gcc
Version: 1.1.2
Check: installed package size
Result: NOTE
installed size is 8.6Mb
sub-directories of 1Mb or more:
data 1.1Mb
libs 6.0Mb
Flavors: r-release-macos-arm64, r-release-macos-x86_64, r-oldrel-macos-arm64, r-oldrel-macos-x86_64