CRAN Package Check Results for Package Rsagacmd

Last updated on 2020-05-28 01:53:27 CEST.

Flavor Version Tinstall Tcheck Ttotal Status Flags
r-devel-linux-x86_64-debian-clang 0.0.5 10.60 79.44 90.04 OK
r-devel-linux-x86_64-debian-gcc 0.0.5 7.72 60.68 68.40 OK
r-devel-linux-x86_64-fedora-clang 0.0.5 105.86 NOTE
r-devel-linux-x86_64-fedora-gcc 0.0.5 104.62 NOTE
r-devel-windows-ix86+x86_64 0.0.5 25.00 120.00 145.00 OK
r-patched-linux-x86_64 0.0.5 7.84 77.65 85.49 OK
r-release-linux-x86_64 0.0.5 7.61 78.20 85.81 OK
r-release-osx-x86_64 0.0.5 NOTE
r-release-windows-ix86+x86_64 0.0.5 15.00 83.00 98.00 OK
r-oldrel-osx-x86_64 0.0.5 NOTE
r-oldrel-windows-ix86+x86_64 0.0.5 15.00 89.00 104.00 OK

Check Details

Version: 0.0.5
Check: dependencies in R code
Result: NOTE
    Namespace in Imports field not imported from: ‘methods’
     All declared Imports should be used.
Flavors: r-devel-linux-x86_64-fedora-clang, r-devel-linux-x86_64-fedora-gcc, r-release-osx-x86_64, r-oldrel-osx-x86_64