CRAN Package Check Results for Package Rsfar

Last updated on 2022-07-02 01:49:06 CEST.

Flavor Version Tinstall Tcheck Ttotal Status Flags
r-devel-linux-x86_64-debian-clang 0.0.1 9.77 78.36 88.13 OK
r-devel-linux-x86_64-debian-gcc 0.0.1 7.78 61.78 69.56 OK
r-devel-linux-x86_64-fedora-clang 0.0.1 117.53 OK
r-devel-linux-x86_64-fedora-gcc 0.0.1 121.67 OK
r-devel-windows-x86_64 0.0.1 13.00 97.00 110.00 OK
r-patched-linux-x86_64 0.0.1 7.34 77.46 84.80 OK
r-release-linux-x86_64 0.0.1 8.33 77.76 86.09 OK
r-release-macos-arm64 0.0.1 35.00 OK
r-release-macos-x86_64 0.0.1 65.00 OK
r-release-windows-x86_64 0.0.1 14.00 104.00 118.00 OK
r-oldrel-macos-arm64 0.0.1 44.00 OK
r-oldrel-macos-x86_64 0.0.1 63.00 OK
r-oldrel-windows-ix86+x86_64 0.0.1 5.00 10.00 15.00 ERROR

Check Details

Version: 0.0.1
Check: whether package can be installed
Result: ERROR
    Installation failed.
Flavor: r-oldrel-windows-ix86+x86_64