Last updated on 2022-05-20 01:51:15 CEST.
Flavor | Version | Tinstall | Tcheck | Ttotal | Status | Flags |
---|---|---|---|---|---|---|
r-devel-linux-x86_64-debian-clang | 1.0.4 | 22.56 | 163.90 | 186.46 | NOTE | |
r-devel-linux-x86_64-debian-gcc | 1.0.4 | 17.94 | 119.47 | 137.41 | NOTE | |
r-devel-linux-x86_64-fedora-clang | 1.0.4 | 219.72 | NOTE | |||
r-devel-linux-x86_64-fedora-gcc | 1.0.4 | 230.34 | NOTE | |||
r-devel-windows-x86_64 | 1.0.4 | 67.00 | 178.00 | 245.00 | OK | |
r-patched-linux-x86_64 | 1.0.4 | 19.98 | 153.99 | 173.97 | OK | |
r-release-linux-x86_64 | 1.0.4 | 21.41 | 153.69 | 175.10 | OK | |
r-release-macos-arm64 | 1.0.4 | 60.00 | OK | |||
r-release-macos-x86_64 | 1.0.4 | 113.00 | OK | |||
r-release-windows-x86_64 | 1.0.4 | 65.00 | 176.00 | 241.00 | OK | |
r-oldrel-macos-arm64 | 1.0.4 | 61.00 | OK | |||
r-oldrel-macos-x86_64 | 1.0.4 | 77.00 | OK | |||
r-oldrel-windows-ix86+x86_64 | 1.0.4 | 42.00 | 238.00 | 280.00 | OK |
Version: 1.0.4
Check: package dependencies
Result: NOTE
Package suggested but not available for checking: 'PRIMME'
Flavors: r-devel-linux-x86_64-debian-clang, r-devel-linux-x86_64-debian-gcc, r-devel-linux-x86_64-fedora-clang, r-devel-linux-x86_64-fedora-gcc