CRAN Package Check Results for Package RtutoR

Last updated on 2020-07-08 01:49:39 CEST.

Flavor Version Tinstall Tcheck Ttotal Status Flags
r-devel-linux-x86_64-debian-clang 1.2 17.98 122.60 140.58 OK
r-devel-linux-x86_64-debian-gcc 1.2 14.91 92.55 107.46 OK
r-devel-linux-x86_64-fedora-clang 1.2 188.10 NOTE
r-devel-linux-x86_64-fedora-gcc 1.2 174.86 NOTE
r-devel-windows-ix86+x86_64 1.2 31.00 131.00 162.00 OK
r-patched-linux-x86_64 1.2 19.71 121.23 140.94 OK
r-release-linux-x86_64 1.2 16.81 121.19 138.00 OK
r-release-osx-x86_64 1.2 NOTE
r-release-windows-ix86+x86_64 1.2 33.00 122.00 155.00 OK
r-oldrel-osx-x86_64 1.2 NOTE
r-oldrel-windows-ix86+x86_64 1.2 38.00 152.00 190.00 OK

Check Details

Version: 1.2
Check: dependencies in R code
Result: NOTE
    Namespaces in Imports field not imported from:
     ‘DT’ ‘rmarkdown’
     All declared Imports should be used.
Flavors: r-devel-linux-x86_64-fedora-clang, r-devel-linux-x86_64-fedora-gcc, r-release-osx-x86_64, r-oldrel-osx-x86_64