CRAN Package Check Results for Package RtutoR

Last updated on 2020-02-17 00:49:26 CET.

Flavor Version Tinstall Tcheck Ttotal Status Flags
r-devel-linux-x86_64-debian-clang 1.2 17.88 120.91 138.79 OK
r-devel-linux-x86_64-debian-gcc 1.2 14.80 90.42 105.22 OK
r-devel-linux-x86_64-fedora-clang 1.2 166.21 NOTE
r-devel-windows-ix86+x86_64 1.2 39.00 120.00 159.00 OK
r-devel-windows-ix86+x86_64-gcc8 1.2 51.00 169.00 220.00 OK
r-patched-linux-x86_64 1.2 16.35 109.24 125.59 OK
r-release-linux-x86_64 1.2 16.39 107.46 123.85 OK
r-release-windows-ix86+x86_64 1.2 25.00 117.00 142.00 OK
r-release-osx-x86_64 1.2 NOTE
r-oldrel-windows-ix86+x86_64 1.2 16.00 114.00 130.00 OK
r-oldrel-osx-x86_64 1.2 NOTE

Check Details

Version: 1.2
Check: dependencies in R code
Result: NOTE
    Namespaces in Imports field not imported from:
     ‘DT’ ‘rmarkdown’
     All declared Imports should be used.
Flavors: r-devel-linux-x86_64-fedora-clang, r-release-osx-x86_64, r-oldrel-osx-x86_64