CRAN Package Check Results for Package Runuran

Last updated on 2021-09-23 01:49:57 CEST.

Flavor Version Tinstall Tcheck Ttotal Status Flags
r-devel-linux-x86_64-debian-clang 0.34 53.69 102.25 155.94 WARN
r-devel-linux-x86_64-debian-gcc 0.34 35.50 76.91 112.41 WARN
r-devel-linux-x86_64-fedora-clang 0.34 192.10 OK
r-devel-linux-x86_64-fedora-gcc 0.34 183.42 OK
r-devel-windows-x86_64 0.34 87.00 108.00 195.00 OK
r-devel-windows-x86_64-gcc10-UCRT 0.34 ERROR
r-patched-linux-x86_64 0.34 44.01 99.16 143.17 WARN
r-patched-solaris-x86 0.34 399.10 OK
r-release-linux-x86_64 0.34 43.33 100.02 143.35 WARN
r-release-macos-arm64 0.34 OK
r-release-macos-x86_64 0.34 OK
r-release-windows-ix86+x86_64 0.34 198.00 199.00 397.00 OK
r-oldrel-macos-x86_64 0.34 OK
r-oldrel-windows-ix86+x86_64 0.34 195.00 147.00 342.00 OK

Check Details

Version: 0.34
Check: top-level files
Result: WARN
     Output from running autoreconf:
     configure.ac:6: warning: The macro `AC_CONFIG_HEADER' is obsolete.
     configure.ac:6: You should run autoupdate.
     ./lib/autoconf/status.m4:719: AC_CONFIG_HEADER is expanded from...
     configure.ac:6: the top level
     configure.ac:61: warning: The macro `AC_HEADER_STDC' is obsolete.
     configure.ac:61: You should run autoupdate.
     ./lib/autoconf/headers.m4:704: AC_HEADER_STDC is expanded from...
     configure.ac:61: the top level
     configure.ac:68: warning: The macro `AC_HEADER_TIME' is obsolete.
     configure.ac:68: You should run autoupdate.
     ./lib/autoconf/headers.m4:743: AC_HEADER_TIME is expanded from...
     configure.ac:68: the top level
Flavors: r-devel-linux-x86_64-debian-clang, r-devel-linux-x86_64-debian-gcc, r-patched-linux-x86_64, r-release-linux-x86_64

Version: 0.34
Check: whether package can be installed
Result: ERROR
    Installation failed.
Flavor: r-devel-windows-x86_64-gcc10-UCRT