CRAN Package Check Results for Package Rwofost

Last updated on 2020-08-09 01:48:40 CEST.

Flavor Version Tinstall Tcheck Ttotal Status Flags
r-devel-linux-x86_64-debian-clang 0.6-3 70.52 57.04 127.56 OK
r-devel-linux-x86_64-debian-gcc 0.6-3 58.00 43.45 101.45 OK
r-devel-linux-x86_64-fedora-clang 0.6-3 175.83 NOTE
r-devel-linux-x86_64-fedora-gcc 0.6-3 166.54 OK
r-devel-windows-ix86+x86_64 0.6-3 165.00 125.00 290.00 OK
r-patched-linux-x86_64 0.6-3 67.59 55.13 122.72 OK
r-patched-solaris-x86 0.6-3 163.30 OK
r-release-linux-x86_64 0.6-3 69.09 55.19 124.28 OK
r-release-macos-x86_64 0.6-3 NOTE
r-release-windows-ix86+x86_64 0.6-3 164.00 104.00 268.00 OK
r-oldrel-macos-x86_64 0.6-3 NOTE
r-oldrel-windows-ix86+x86_64 0.6-3 147.00 112.00 259.00 OK

Check Details

Version: 0.6-3
Check: installed package size
Result: NOTE
     installed size is 10.6Mb
     sub-directories of 1Mb or more:
     libs 9.6Mb
Flavors: r-devel-linux-x86_64-fedora-clang, r-release-macos-x86_64, r-oldrel-macos-x86_64