CRAN Package Check Results for Package RxODE

Last updated on 2020-05-29 01:50:20 CEST.

Flavor Version Tinstall Tcheck Ttotal Status Flags
r-devel-linux-x86_64-debian-clang 0.9.2-0 236.41 306.34 542.75 NOTE
r-devel-linux-x86_64-debian-gcc 0.9.2-0 213.37 211.77 425.14 NOTE
r-devel-linux-x86_64-fedora-clang 0.9.2-0 719.84 NOTE
r-devel-linux-x86_64-fedora-gcc 0.9.2-0 806.52 NOTE
r-devel-windows-ix86+x86_64 0.9.2-0 571.00 692.00 1263.00 ERROR
r-patched-linux-x86_64 0.9.2-0 264.30 268.80 533.10 NOTE
r-patched-solaris-x86 0.9.2-0 707.60 NOTE
r-release-linux-x86_64 0.9.2-0 264.55 266.95 531.50 NOTE
r-release-osx-x86_64 0.9.2-0 NOTE
r-release-windows-ix86+x86_64 0.9.2-0 419.00 488.00 907.00 ERROR
r-oldrel-osx-x86_64 0.9.2-0 NOTE
r-oldrel-windows-ix86+x86_64 0.9.2-0 429.00 460.00 889.00 ERROR

Check Details

Version: 0.9.2-0
Check: package dependencies
Result: NOTE
    Packages suggested but not available for checking:
     'SnakeCharmR', 'installr'
Flavors: r-devel-linux-x86_64-debian-clang, r-devel-linux-x86_64-debian-gcc, r-devel-linux-x86_64-fedora-clang, r-devel-linux-x86_64-fedora-gcc, r-patched-linux-x86_64, r-patched-solaris-x86, r-release-linux-x86_64, r-release-osx-x86_64

Version: 0.9.2-0
Check: package dependencies
Result: NOTE
    Package suggested but not available for checking: 'SnakeCharmR'
Flavors: r-devel-windows-ix86+x86_64, r-release-windows-ix86+x86_64, r-oldrel-windows-ix86+x86_64

Version: 0.9.2-0
Check: installed package size
Result: NOTE
     installed size is 7.3Mb
     sub-directories of 1Mb or more:
     libs 5.9Mb
Flavors: r-devel-windows-ix86+x86_64, r-release-windows-ix86+x86_64, r-oldrel-windows-ix86+x86_64

Version: 0.9.2-0
Check: running tests for arch ‘i386’
Result: ERROR
     Running 'testthat.R' [66s]
    Running the tests in 'tests/testthat.R' failed.
    Complete output:
     > library(testthat)
     > library(RxODE)
     > test_check("RxODE")
Flavor: r-devel-windows-ix86+x86_64

Version: 0.9.2-0
Check: running tests for arch ‘i386’
Result: ERROR
     Running 'testthat.R' [63s]
    Running the tests in 'tests/testthat.R' failed.
    Complete output:
     > library(testthat)
     > library(RxODE)
     > test_check("RxODE")
Flavor: r-release-windows-ix86+x86_64

Version: 0.9.2-0
Check: package dependencies
Result: NOTE
    Package suggested but not available for checking: ‘installr’
Flavor: r-oldrel-osx-x86_64

Version: 0.9.2-0
Check: running tests for arch ‘i386’
Result: ERROR
     Running 'testthat.R' [42s]
    Running the tests in 'tests/testthat.R' failed.
    Complete output:
     > library(testthat)
     > library(RxODE)
     > test_check("RxODE")
Flavor: r-oldrel-windows-ix86+x86_64