CRAN Package Check Results for Package Ryacas

Last updated on 2022-01-22 01:49:57 CET.

Flavor Version Tinstall Tcheck Ttotal Status Flags
r-devel-linux-x86_64-debian-clang 1.1.3.1 101.70 97.94 199.64 OK
r-devel-linux-x86_64-debian-gcc 1.1.3.1 76.77 74.49 151.26 OK
r-devel-linux-x86_64-fedora-clang 1.1.3.1 297.26 NOTE
r-devel-linux-x86_64-fedora-gcc 1.1.3.1 254.96 OK
r-devel-windows-x86_64-new-UL 1.1.3.1 253.00 199.00 452.00 NOTE
r-devel-windows-x86_64-new-TK 1.1.3.1 NOTE
r-patched-linux-x86_64 1.1.3.1 100.11 106.55 206.66 OK
r-release-linux-x86_64 1.1.3.1 95.31 106.01 201.32 OK
r-release-macos-arm64 1.1.3.1 NOTE
r-release-macos-x86_64 1.1.3.1 NOTE
r-release-windows-ix86+x86_64 1.1.3.1 266.00 186.00 452.00 NOTE
r-oldrel-macos-x86_64 1.1.3.1 NOTE
r-oldrel-windows-ix86+x86_64 1.1.3.1 263.00 189.00 452.00 NOTE

Check Details

Version: 1.1.3.1
Check: installed package size
Result: NOTE
     installed size is 8.8Mb
     sub-directories of 1Mb or more:
     libs 6.6Mb
     yacas 1.6Mb
Flavors: r-devel-linux-x86_64-fedora-clang, r-release-macos-arm64, r-release-macos-x86_64, r-oldrel-macos-x86_64

Version: 1.1.3.1
Check: package dependencies
Result: NOTE
    Package suggested but not available for checking: 'unix'
Flavors: r-devel-windows-x86_64-new-UL, r-devel-windows-x86_64-new-TK, r-release-windows-ix86+x86_64, r-oldrel-windows-ix86+x86_64