Last updated on 2023-02-08 02:03:26 CET.
Flavor | Version | Tinstall | Tcheck | Ttotal | Status | Flags |
---|---|---|---|---|---|---|
r-devel-linux-x86_64-debian-clang | 1.0.0 | 22.57 | 209.54 | 232.11 | OK | |
r-devel-linux-x86_64-debian-gcc | 1.0.0 | 19.25 | 161.28 | 180.53 | OK | |
r-devel-linux-x86_64-fedora-clang | 1.0.0 | 291.83 | NOTE | |||
r-devel-linux-x86_64-fedora-gcc | 1.0.0 | 291.29 | NOTE | |||
r-devel-windows-x86_64 | 1.0.0 | 48.00 | 274.00 | 322.00 | OK | |
r-patched-linux-x86_64 | 1.0.0 | 22.35 | 200.78 | 223.13 | OK | |
r-release-linux-x86_64 | 1.0.0 | 15.31 | 196.52 | 211.83 | OK | |
r-release-macos-arm64 | 1.0.0 | 74.00 | NOTE | |||
r-release-macos-x86_64 | 1.0.0 | 112.00 | NOTE | |||
r-release-windows-x86_64 | 1.0.0 | 48.00 | 275.00 | 323.00 | OK | |
r-oldrel-macos-arm64 | 1.0.0 | 75.00 | NOTE | |||
r-oldrel-macos-x86_64 | 1.0.0 | 111.00 | NOTE | |||
r-oldrel-windows-ix86+x86_64 | 1.0.0 | 61.00 | 260.00 | 321.00 | OK |
Version: 1.0.0
Check: data for non-ASCII characters
Result: NOTE
Note: found 37 marked Latin-1 strings
Note: found 172 marked UTF-8 strings
Flavors: r-devel-linux-x86_64-fedora-clang, r-devel-linux-x86_64-fedora-gcc, r-release-macos-arm64, r-release-macos-x86_64, r-oldrel-macos-arm64, r-oldrel-macos-x86_64