CRAN Package Check Results for Package SCEM

Last updated on 2024-07-20 06:49:32 CEST.

Flavor Version Tinstall Tcheck Ttotal Status Flags
r-devel-linux-x86_64-debian-clang 1.1.0 2.43 256.82 259.25 OK
r-devel-linux-x86_64-debian-gcc 1.1.0 2.56 180.75 183.31 OK
r-devel-linux-x86_64-fedora-clang 1.1.0 311.26 NOTE
r-devel-linux-x86_64-fedora-gcc 1.1.0 334.12 NOTE
r-devel-windows-x86_64 1.1.0 5.00 166.00 171.00 OK
r-patched-linux-x86_64 1.1.0 2.10 242.83 244.93 OK
r-release-linux-x86_64 1.1.0 2.01 249.68 251.69 OK
r-release-macos-arm64 1.1.0 82.00 OK
r-release-macos-x86_64 1.1.0 131.00 OK
r-release-windows-x86_64 1.1.0 4.00 170.00 174.00 OK
r-oldrel-macos-arm64 1.1.0 86.00 OK
r-oldrel-macos-x86_64 1.1.0 169.00 OK
r-oldrel-windows-x86_64 1.1.0 5.00 233.00 238.00 OK

Check Details

Version: 1.1.0
Check: dependencies in R code
Result: NOTE Namespaces in Imports field not imported from: ‘devtools’ ‘mathjaxr’ All declared Imports should be used. Flavors: r-devel-linux-x86_64-fedora-clang, r-devel-linux-x86_64-fedora-gcc