CRAN Package Check Results for Package SCEPtERbinary

Last updated on 2021-09-26 01:50:05 CEST.

Flavor Version Tinstall Tcheck Ttotal Status Flags
r-devel-linux-x86_64-debian-clang 0.1-1 3.25 25.78 29.03 OK
r-devel-linux-x86_64-debian-gcc 0.1-1 2.34 20.52 22.86 OK
r-devel-linux-x86_64-fedora-clang 0.1-1 44.49 NOTE
r-devel-linux-x86_64-fedora-gcc 0.1-1 33.86 NOTE
r-devel-windows-x86_64 0.1-1 4.00 32.00 36.00 OK
r-devel-windows-x86_64-gcc10-UCRT 0.1-1 OK
r-patched-linux-x86_64 0.1-1 2.81 25.21 28.02 OK
r-patched-solaris-x86 0.1-1 54.40 OK
r-release-linux-x86_64 0.1-1 2.68 25.02 27.70 OK
r-release-macos-arm64 0.1-1 OK
r-release-macos-x86_64 0.1-1 OK
r-release-windows-ix86+x86_64 0.1-1 8.00 59.00 67.00 OK
r-oldrel-macos-x86_64 0.1-1 OK
r-oldrel-windows-ix86+x86_64 0.1-1 7.00 43.00 50.00 OK

Check Details

Version: 0.1-1
Check: compiled code
Result: NOTE
    File ‘SCEPtERbinary/libs/SCEPtERbinary.so’:
     Found no calls to: ‘R_registerRoutines’, ‘R_useDynamicSymbols’
    
    It is good practice to register native routines and to disable symbol
    search.
    
    See ‘Writing portable packages’ in the ‘Writing R Extensions’ manual.
Flavors: r-devel-linux-x86_64-fedora-clang, r-devel-linux-x86_64-fedora-gcc