CRAN Package Check Results for Package SCOUTer

Last updated on 2021-08-01 01:52:04 CEST.

Flavor Version Tinstall Tcheck Ttotal Status Flags
r-devel-linux-x86_64-debian-clang 1.0.0 7.41 97.36 104.77 OK
r-devel-linux-x86_64-debian-gcc 1.0.0 5.88 71.01 76.89 OK
r-devel-linux-x86_64-fedora-clang 1.0.0 128.16 OK
r-devel-linux-x86_64-fedora-gcc 1.0.0 119.04 OK
r-devel-windows-x86_64 1.0.0 36.00 122.00 158.00 OK
r-devel-windows-x86_64-gcc10-UCRT 1.0.0 OK
r-patched-linux-x86_64 1.0.0 OK
r-patched-solaris-x86 1.0.0 167.60 OK
r-release-linux-x86_64 1.0.0 7.32 89.34 96.66 OK
r-release-macos-arm64 1.0.0 WARN
r-release-macos-x86_64 1.0.0 OK
r-release-windows-ix86+x86_64 1.0.0 20.00 121.00 141.00 OK
r-oldrel-macos-x86_64 1.0.0 OK
r-oldrel-windows-ix86+x86_64 1.0.0 20.00 127.00 147.00 OK

Check Details

Version: 1.0.0
Check: re-building of vignette outputs
Result: WARN
    Error(s) in re-building vignettes:
     ...
    --- re-building ‘demoscouter.Rmd’ using rmarkdown
    Warning in engine$weave(file, quiet = quiet, encoding = enc) :
     Pandoc (>= 1.12.3) not available. Falling back to R Markdown v1.
    Quitting from lines 50-51 (demoscouter.Rmd)
    Error: processing vignette 'demoscouter.Rmd' failed with diagnostics:
    polygon edge not found
    --- failed re-building ‘demoscouter.Rmd’
    
    SUMMARY: processing the following file failed:
     ‘demoscouter.Rmd’
    
    Error: Vignette re-building failed.
    Execution halted
Flavor: r-release-macos-arm64