CRAN Package Check Results for Package SDAR

Last updated on 2021-01-21 00:47:18 CET.

Flavor Version Tinstall Tcheck Ttotal Status Flags
r-devel-linux-x86_64-debian-clang 0.9-55 9.45 69.54 78.99 OK
r-devel-linux-x86_64-debian-gcc 0.9-55 7.81 53.24 61.05 OK
r-devel-linux-x86_64-fedora-clang 0.9-55 108.38 NOTE
r-devel-linux-x86_64-fedora-gcc 0.9-55 93.23 NOTE
r-devel-windows-ix86+x86_64 0.9-55 17.00 70.00 87.00 OK
r-patched-linux-x86_64 0.9-55 9.28 64.57 73.85 OK
r-patched-solaris-x86 0.9-55 124.60 NOTE
r-release-linux-x86_64 0.9-55 9.87 65.32 75.19 OK
r-release-macos-x86_64 0.9-55 NOTE
r-release-windows-ix86+x86_64 0.9-55 24.00 94.00 118.00 OK
r-oldrel-macos-x86_64 0.9-55 NOTE
r-oldrel-windows-ix86+x86_64 0.9-55 12.00 59.00 71.00 OK

Check Details

Version: 0.9-55
Check: data for non-ASCII characters
Result: NOTE
     Note: found 2 marked UTF-8 strings
Flavors: r-devel-linux-x86_64-fedora-clang, r-devel-linux-x86_64-fedora-gcc, r-patched-solaris-x86, r-release-macos-x86_64, r-oldrel-macos-x86_64