CRAN Package Check Results for Package SDMtune

Last updated on 2020-06-07 01:48:25 CEST.

Flavor Version Tinstall Tcheck Ttotal Status Flags
r-devel-linux-x86_64-debian-clang 1.1.0 56.21 182.40 238.61 OK
r-devel-linux-x86_64-debian-gcc 1.1.0 46.23 139.93 186.16 OK
r-devel-linux-x86_64-fedora-clang 1.1.0 308.14 OK
r-devel-linux-x86_64-fedora-gcc 1.1.0 291.81 OK
r-devel-windows-ix86+x86_64 1.1.0 129.00 379.00 508.00 NOTE
r-patched-linux-x86_64 1.1.0 51.27 182.08 233.35 OK
r-patched-solaris-x86 1.1.0 416.70 OK
r-release-linux-x86_64 1.1.0 50.23 180.13 230.36 OK
r-release-osx-x86_64 1.1.0 OK
r-release-windows-ix86+x86_64 1.1.0 128.00 405.00 533.00 NOTE
r-oldrel-osx-x86_64 1.1.0 OK
r-oldrel-windows-ix86+x86_64 1.1.0 117.00 372.00 489.00 OK

Check Details

Version: 1.1.0
Check: installed package size
Result: NOTE
     installed size is 5.0Mb
     sub-directories of 1Mb or more:
     R 1.5Mb
     libs 2.0Mb
Flavors: r-devel-windows-ix86+x86_64, r-release-windows-ix86+x86_64