Last updated on 2023-03-25 07:02:32 CET.
Flavor | Version | Tinstall | Tcheck | Ttotal | Status | Flags |
---|---|---|---|---|---|---|
r-devel-linux-x86_64-debian-clang | 2.0.1 | 277.82 | 953.92 | 1231.74 | OK | |
r-devel-linux-x86_64-debian-gcc | 2.0.1 | 237.15 | 661.28 | 898.43 | OK | |
r-devel-linux-x86_64-fedora-clang | 2.0.1 | 1520.80 | NOTE | |||
r-devel-linux-x86_64-fedora-gcc | 2.0.1 | 1567.68 | OK | |||
r-devel-windows-x86_64 | 2.0.1 | 228.00 | 734.00 | 962.00 | NOTE | |
r-patched-linux-x86_64 | 2.0.1 | 261.57 | 865.77 | 1127.34 | OK | |
r-release-linux-x86_64 | 2.0.1 | 262.26 | 864.60 | 1126.86 | OK | |
r-release-macos-arm64 | 2.0.1 | 294.00 | NOTE | |||
r-release-macos-x86_64 | 2.0.1 | 489.00 | NOTE | |||
r-release-windows-x86_64 | 2.0.1 | 280.00 | 696.00 | 976.00 | NOTE | |
r-oldrel-macos-arm64 | 2.0.1 | 232.00 | NOTE | |||
r-oldrel-macos-x86_64 | 2.0.1 | 345.00 | NOTE | |||
r-oldrel-windows-ix86+x86_64 | 2.0.1 | 421.00 | 763.00 | 1184.00 | NOTE |
Version: 2.0.1
Check: installed package size
Result: NOTE
installed size is 8.8Mb
sub-directories of 1Mb or more:
R 8.1Mb
Flavors: r-devel-linux-x86_64-fedora-clang, r-devel-windows-x86_64, r-release-macos-arm64, r-release-macos-x86_64, r-release-windows-x86_64, r-oldrel-macos-arm64, r-oldrel-macos-x86_64, r-oldrel-windows-ix86+x86_64