Last updated on 2023-06-07 06:57:59 CEST.
Flavor | Version | Tinstall | Tcheck | Ttotal | Status | Flags |
---|---|---|---|---|---|---|
r-devel-linux-x86_64-debian-clang | 2.0-0.0 | 64.70 | 338.54 | 403.24 | OK | |
r-devel-linux-x86_64-debian-gcc | 2.0-0.0 | 53.11 | 247.36 | 300.47 | OK | |
r-devel-linux-x86_64-fedora-clang | 2.0-0.0 | 516.04 | NOTE | |||
r-devel-linux-x86_64-fedora-gcc | 2.0-0.0 | 484.87 | OK | |||
r-devel-windows-x86_64 | 2.0-0.0 | 51.00 | 217.00 | 268.00 | NOTE | |
r-patched-linux-x86_64 | 2.0-0.0 | 65.75 | 316.37 | 382.12 | OK | |
r-release-linux-x86_64 | 2.0-0.0 | 57.05 | 311.86 | 368.91 | OK | |
r-release-macos-arm64 | 2.0-0.0 | 131.00 | NOTE | |||
r-release-macos-x86_64 | 2.0-0.0 | 262.00 | NOTE | |||
r-release-windows-x86_64 | 2.0-0.0 | 72.00 | 287.00 | 359.00 | NOTE | |
r-oldrel-macos-arm64 | 2.0-0.0 | 106.00 | NOTE | |||
r-oldrel-macos-x86_64 | 2.0-0.0 | 144.00 | NOTE | |||
r-oldrel-windows-x86_64 | 2.0-0.0 | 74.00 | 282.00 | 356.00 | NOTE |
Version: 2.0-0.0
Check: package dependencies
Result: NOTE
Imports includes 22 non-default packages.
Importing from so many packages makes the package vulnerable to any of
them becoming unavailable. Move as many as possible to Suggests and
use conditionally.
Flavor: r-devel-linux-x86_64-fedora-clang
Version: 2.0-0.0
Check: installed package size
Result: NOTE
installed size is 7.4Mb
sub-directories of 1Mb or more:
R 1.3Mb
doc 5.0Mb
Flavors: r-devel-linux-x86_64-fedora-clang, r-devel-windows-x86_64, r-release-macos-arm64, r-release-macos-x86_64, r-release-windows-x86_64, r-oldrel-macos-arm64, r-oldrel-macos-x86_64, r-oldrel-windows-x86_64