Last updated on 2023-09-25 08:02:39 CEST.
Flavor | Version | Tinstall | Tcheck | Ttotal | Status | Flags |
---|---|---|---|---|---|---|
r-devel-linux-x86_64-debian-clang | 0.1.8 | 166.16 | 118.08 | 284.24 | NOTE | |
r-devel-linux-x86_64-debian-gcc | 0.1.8 | 103.74 | 94.22 | 197.96 | NOTE | |
r-devel-linux-x86_64-fedora-clang | 0.1.8 | 399.98 | NOTE | |||
r-devel-linux-x86_64-fedora-gcc | 0.1.8 | 401.01 | NOTE | |||
r-devel-windows-x86_64 | 0.1.8 | 122.00 | 135.00 | 257.00 | NOTE | |
r-patched-linux-x86_64 | 0.1.8 | 159.46 | 113.33 | 272.79 | NOTE | |
r-release-linux-x86_64 | 0.1.8 | 154.76 | 115.63 | 270.39 | NOTE | |
r-release-macos-arm64 | 0.1.8 | 94.00 | NOTE | |||
r-release-macos-x86_64 | 0.1.8 | 150.00 | NOTE | |||
r-release-windows-x86_64 | 0.1.8 | 152.00 | 159.00 | 311.00 | NOTE | |
r-oldrel-macos-arm64 | 0.1.8 | 83.00 | ERROR | |||
r-oldrel-macos-x86_64 | 0.1.8 | 122.00 | ERROR | |||
r-oldrel-windows-x86_64 | 0.1.8 | 147.00 | 142.00 | 289.00 | OK |
Version: 0.1.8
Check: C++ specification
Result: NOTE
Specified C++11: please drop specification unless essential
Flavors: r-devel-linux-x86_64-debian-clang, r-devel-linux-x86_64-debian-gcc, r-devel-linux-x86_64-fedora-clang, r-devel-linux-x86_64-fedora-gcc, r-devel-windows-x86_64, r-patched-linux-x86_64, r-release-linux-x86_64, r-release-macos-arm64, r-release-macos-x86_64, r-release-windows-x86_64
Version: 0.1.8
Check: PDF version of manual
Result: WARN
LaTeX errors when creating PDF version.
This typically indicates Rd problems.
LaTeX errors found:
! Undefined control sequence.
<argument> X \in \mathbb
{R}{n\times p}
l.3264 ...data \eqn{X \in \mathbb{R}{n\times p}}{}
such that its rows are
! Undefined control sequence.
<argument> ...Delta _{p-1} =\lbrace z \in \mathbb
{R}^p~|~z_j > 0, \sum _{i=...
l.3267 }{}
test whether the data is uniformly distributed.
Flavors: r-oldrel-macos-arm64, r-oldrel-macos-x86_64
Version: 0.1.8
Check: PDF version of manual without index
Result: ERROR
Flavors: r-oldrel-macos-arm64, r-oldrel-macos-x86_64