CRAN Package Check Results for Package SIfEK

Last updated on 2023-01-27 00:51:15 CET.

Flavor Version Tinstall Tcheck Ttotal Status Flags
r-devel-linux-x86_64-debian-clang 0.1.0 5.42 55.48 60.90 NOTE
r-devel-linux-x86_64-debian-gcc 0.1.0 4.02 39.89 43.91 NOTE
r-devel-linux-x86_64-fedora-clang 0.1.0 73.96 NOTE
r-devel-linux-x86_64-fedora-gcc 0.1.0 73.65 NOTE
r-devel-windows-x86_64 0.1.0 21.00 83.00 104.00 OK
r-patched-linux-x86_64 0.1.0 6.65 55.65 62.30 NOTE
r-release-linux-x86_64 0.1.0 6.15 54.76 60.91 NOTE
r-release-macos-arm64 0.1.0 25.00 OK
r-release-macos-x86_64 0.1.0 31.00 OK
r-release-windows-x86_64 0.1.0 15.00 76.00 91.00 OK
r-oldrel-macos-arm64 0.1.0 30.00 OK
r-oldrel-macos-x86_64 0.1.0 42.00 OK
r-oldrel-windows-ix86+x86_64 0.1.0 10.00 79.00 89.00 OK

Check Details

Version: 0.1.0
Check: for non-standard things in the check directory
Result: NOTE
    Found the following files/directories:
     ‘MM.csv’ ‘Simul.csv’ ‘catalytic.csv’
Flavors: r-devel-linux-x86_64-debian-clang, r-devel-linux-x86_64-debian-gcc, r-devel-linux-x86_64-fedora-clang, r-devel-linux-x86_64-fedora-gcc, r-patched-linux-x86_64, r-release-linux-x86_64