CRAN Package Check Results for Package SLC

Last updated on 2021-04-19 02:47:03 CEST.

Flavor Version Tinstall Tcheck Ttotal Status Flags
r-devel-linux-x86_64-debian-clang 0.3 1.96 20.10 22.06 NOTE
r-devel-linux-x86_64-debian-gcc 0.3 1.52 16.01 17.53 NOTE
r-devel-linux-x86_64-fedora-clang 0.3 36.47 NOTE
r-devel-linux-x86_64-fedora-gcc 0.3 26.40 NOTE
r-devel-windows-ix86+x86_64 0.3 4.00 30.00 34.00 NOTE
r-devel-windows-x86_64-gcc10-UCRT 0.3 NOTE
r-patched-linux-x86_64 0.3 1.66 19.37 21.03 NOTE
r-patched-solaris-x86 0.3 40.70 NOTE
r-release-linux-x86_64 0.3 1.81 19.44 21.25 NOTE
r-release-macos-x86_64 0.3 NOTE
r-release-windows-ix86+x86_64 0.3 3.00 30.00 33.00 NOTE
r-oldrel-macos-x86_64 0.3 NOTE
r-oldrel-windows-ix86+x86_64 0.3 4.00 34.00 38.00 NOTE

Check Details

Version: 0.3
Check: R code for possible problems
Result: NOTE
    slcestimates: no visible global function definition for 'par'
    slcestimates: no visible global function definition for 'abline'
    slcestimates: no visible global function definition for 'lines'
    slcestimates: no visible global function definition for 'axis'
    slcestimates: no visible global function definition for 'points'
    slcestimates: no visible global function definition for 'title'
    Undefined global functions or variables:
     abline axis lines par points title
    Consider adding
     importFrom("graphics", "abline", "axis", "lines", "par", "points",
     "title")
    to your NAMESPACE file.
Flavors: r-devel-linux-x86_64-debian-clang, r-devel-linux-x86_64-debian-gcc, r-devel-linux-x86_64-fedora-clang, r-devel-linux-x86_64-fedora-gcc, r-devel-windows-ix86+x86_64, r-devel-windows-x86_64-gcc10-UCRT, r-patched-linux-x86_64, r-patched-solaris-x86, r-release-linux-x86_64, r-release-macos-x86_64, r-release-windows-ix86+x86_64

Version: 0.3
Check: Rd cross-references
Result: NOTE
    Undeclared package ‘RcmdrPlugin.SLC’ in Rd xrefs
Flavor: r-devel-linux-x86_64-fedora-clang

Version: 0.3
Check: R code for possible problems
Result: NOTE
    slcestimates: no visible global function definition for ‘par’
    slcestimates: no visible global function definition for ‘plot’
    slcestimates: no visible global function definition for ‘abline’
    slcestimates: no visible global function definition for ‘lines’
    slcestimates: no visible global function definition for ‘axis’
    slcestimates: no visible global function definition for ‘points’
    slcestimates: no visible global function definition for ‘title’
    Undefined global functions or variables:
     abline axis lines par plot points title
    Consider adding
     importFrom("graphics", "abline", "axis", "lines", "par", "plot",
     "points", "title")
    to your NAMESPACE file.
Flavors: r-oldrel-macos-x86_64, r-oldrel-windows-ix86+x86_64