CRAN Package Check Results for Package SLEMI

Last updated on 2020-07-08 01:49:41 CEST.

Flavor Version Tinstall Tcheck Ttotal Status Flags
r-devel-linux-x86_64-debian-clang 1.0 5.25 66.81 72.06 OK
r-devel-linux-x86_64-debian-gcc 1.0 4.11 48.97 53.08 OK
r-devel-linux-x86_64-fedora-clang 1.0 92.23 OK
r-devel-linux-x86_64-fedora-gcc 1.0 81.57 OK
r-devel-windows-ix86+x86_64 1.0 10.00 91.00 101.00 OK
r-patched-linux-x86_64 1.0 4.06 65.05 69.11 OK
r-patched-solaris-x86 1.0 119.10 OK
r-release-linux-x86_64 1.0 3.65 65.19 68.84 OK
r-release-osx-x86_64 1.0 WARN
r-release-windows-ix86+x86_64 1.0 11.00 77.00 88.00 OK
r-oldrel-osx-x86_64 1.0 OK
r-oldrel-windows-ix86+x86_64 1.0 11.00 109.00 120.00 OK

Check Details

Version: 1.0
Check: re-building of vignette outputs
Result: WARN
    Error(s) in re-building vignettes:
     ...
    --- re-building ‘vignette.Rmd’ using rmarkdown
    [WARNING] Could not parse YAML metadata at line 445 column 1: not an object
    dyld: lazy symbol binding failed: Symbol not found: ____chkstk_darwin
     Referenced from: /usr/local/bin/pandoc (which was built for Mac OS X 10.15)
     Expected in: /usr/lib/libSystem.B.dylib
    
    dyld: Symbol not found: ____chkstk_darwin
     Referenced from: /usr/local/bin/pandoc (which was built for Mac OS X 10.15)
     Expected in: /usr/lib/libSystem.B.dylib
    
    Error: processing vignette 'vignette.Rmd' failed with diagnostics:
    pandoc document conversion failed with error 6
    --- failed re-building ‘vignette.Rmd’
    
    SUMMARY: processing the following file failed:
     ‘vignette.Rmd’
    
    Error: Vignette re-building failed.
    Execution halted
Flavor: r-release-osx-x86_64