Last updated on 2023-02-06 00:52:43 CET.
Flavor | Version | Tinstall | Tcheck | Ttotal | Status | Flags |
---|---|---|---|---|---|---|
r-devel-linux-x86_64-debian-clang | 0.5.0 | 173.61 | 188.93 | 362.54 | NOTE | |
r-devel-linux-x86_64-debian-gcc | 0.5.0 | 142.88 | 134.65 | 277.53 | NOTE | |
r-devel-linux-x86_64-fedora-clang | 0.5.0 | 523.86 | NOTE | |||
r-devel-linux-x86_64-fedora-gcc | 0.5.0 | 491.19 | NOTE | |||
r-devel-windows-x86_64 | 0.5.0 | 155.00 | 273.00 | 428.00 | NOTE | |
r-patched-linux-x86_64 | 0.5.0 | 144.75 | 177.05 | 321.80 | OK | |
r-release-linux-x86_64 | 0.5.0 | 140.41 | 172.91 | 313.32 | OK | |
r-release-macos-arm64 | 0.5.0 | 131.00 | NOTE | |||
r-release-macos-x86_64 | 0.5.0 | 159.00 | NOTE | |||
r-release-windows-x86_64 | 0.5.0 | 162.00 | 269.00 | 431.00 | OK | |
r-oldrel-macos-arm64 | 0.5.0 | 133.00 | NOTE | |||
r-oldrel-macos-x86_64 | 0.5.0 | 158.00 | NOTE | |||
r-oldrel-windows-ix86+x86_64 | 0.5.0 | 436.00 | 389.00 | 825.00 | OK |
Version: 0.5.0
Check: C++ specification
Result: NOTE
Specified C++11: please update to current default of C++17
Flavors: r-devel-linux-x86_64-debian-clang, r-devel-linux-x86_64-debian-gcc, r-devel-linux-x86_64-fedora-clang, r-devel-linux-x86_64-fedora-gcc, r-devel-windows-x86_64
Version: 0.5.0
Check: dependencies in R code
Result: NOTE
Namespaces in Imports field not imported from:
‘checkmate’ ‘glmnet’ ‘mice’
All declared Imports should be used.
Flavors: r-devel-linux-x86_64-fedora-clang, r-devel-linux-x86_64-fedora-gcc, r-release-macos-arm64, r-release-macos-x86_64, r-oldrel-macos-arm64, r-oldrel-macos-x86_64
Version: 0.5.0
Check: installed package size
Result: NOTE
installed size is 9.4Mb
sub-directories of 1Mb or more:
libs 8.9Mb
Flavors: r-release-macos-arm64, r-release-macos-x86_64, r-oldrel-macos-arm64, r-oldrel-macos-x86_64