Last updated on 2023-09-24 08:58:30 CEST.
Flavor | Version | Tinstall | Tcheck | Ttotal | Status | Flags |
---|---|---|---|---|---|---|
r-devel-linux-x86_64-debian-clang | 0.1.4 | 56.56 | 519.56 | 576.12 | OK | |
r-devel-linux-x86_64-debian-gcc | 0.1.4 | 46.03 | 390.80 | 436.83 | OK | |
r-devel-linux-x86_64-fedora-clang | 0.1.4 | 693.57 | OK | |||
r-devel-linux-x86_64-fedora-gcc | 0.1.4 | 746.93 | OK | |||
r-devel-windows-x86_64 | 0.1.4 | 48.00 | 358.00 | 406.00 | OK | |
r-patched-linux-x86_64 | 0.1.4 | 42.76 | 474.66 | 517.42 | OK | |
r-release-linux-x86_64 | 0.1.4 | 46.67 | 490.49 | 537.16 | OK | |
r-release-macos-arm64 | 0.1.4 | 5.00 | ERROR | |||
r-release-macos-x86_64 | 0.1.4 | 7.00 | ERROR | |||
r-release-windows-x86_64 | 0.1.4 | 56.00 | 532.00 | 588.00 | OK | |
r-oldrel-macos-arm64 | 0.1.4 | 127.00 | OK | |||
r-oldrel-macos-x86_64 | 0.1.4 | 252.00 | OK | |||
r-oldrel-windows-x86_64 | 0.1.4 | 59.00 | 444.00 | 503.00 | OK |
Version: 0.1.4
Check: package dependencies
Result: ERROR
Package required but not available: ‘GSVA’
See section ‘The DESCRIPTION file’ in the ‘Writing R Extensions’
manual.
Flavors: r-release-macos-arm64, r-release-macos-x86_64