CRAN Package Check Results for Package SMMA

Last updated on 2020-07-14 02:07:12 CEST.

Flavor Version Tinstall Tcheck Ttotal Status Flags
r-devel-linux-x86_64-debian-clang 1.0.2 41.31 27.21 68.52 OK
r-devel-linux-x86_64-debian-gcc 1.0.2 29.41 21.67 51.08 OK
r-devel-linux-x86_64-fedora-clang 1.0.2 100.91 OK
r-devel-linux-x86_64-fedora-gcc 1.0.2 89.96 OK
r-devel-windows-ix86+x86_64 1.0.2 92.00 88.00 180.00 OK
r-patched-linux-x86_64 1.0.2 30.11 27.21 57.32 OK
r-patched-solaris-x86 1.0.2 101.30 OK
r-release-linux-x86_64 1.0.2 30.82 26.66 57.48 OK
r-release-macos-x86_64 1.0.2 ERROR
r-release-windows-ix86+x86_64 1.0.2 97.00 69.00 166.00 OK
r-oldrel-macos-x86_64 1.0.2 OK
r-oldrel-windows-ix86+x86_64 1.0.2 84.00 90.00 174.00 OK

Check Details

Version: 1.0.2
Check: whether package can be installed
Result: ERROR
    Installation failed.
Flavor: r-release-macos-x86_64