CRAN Package Check Results for Package SMR

Last updated on 2021-08-01 01:52:05 CEST.

Flavor Version Tinstall Tcheck Ttotal Status Flags
r-devel-linux-x86_64-debian-clang 2.0.1 1.98 23.52 25.50 NOTE
r-devel-linux-x86_64-debian-gcc 2.0.1 1.81 18.38 20.19 NOTE
r-devel-linux-x86_64-fedora-clang 2.0.1 40.42 NOTE
r-devel-linux-x86_64-fedora-gcc 2.0.1 30.29 NOTE
r-devel-windows-x86_64 2.0.1 3.00 36.00 39.00 NOTE
r-devel-windows-x86_64-gcc10-UCRT 2.0.1 NOTE
r-patched-linux-x86_64 2.0.1 NOTE
r-patched-solaris-x86 2.0.1 46.30 NOTE
r-release-linux-x86_64 2.0.1 2.40 23.11 25.51 NOTE
r-release-macos-arm64 2.0.1 NOTE
r-release-macos-x86_64 2.0.1 NOTE
r-release-windows-ix86+x86_64 2.0.1 5.00 26.00 31.00 NOTE
r-oldrel-macos-x86_64 2.0.1 NOTE
r-oldrel-windows-ix86+x86_64 2.0.1 4.00 34.00 38.00 NOTE

Check Details

Version: 2.0.1
Check: DESCRIPTION meta-information
Result: NOTE
    Malformed Description field: should contain one or more complete sentences.
Flavors: r-devel-linux-x86_64-debian-clang, r-devel-linux-x86_64-debian-gcc, r-devel-linux-x86_64-fedora-clang, r-devel-linux-x86_64-fedora-gcc, r-devel-windows-x86_64, r-devel-windows-x86_64-gcc10-UCRT, r-patched-linux-x86_64, r-patched-solaris-x86, r-release-linux-x86_64, r-release-macos-arm64, r-release-macos-x86_64, r-release-windows-ix86+x86_64, r-oldrel-macos-x86_64, r-oldrel-windows-ix86+x86_64

Version: 2.0.1
Check: R code for possible problems
Result: NOTE
    dNMR: no visible global function definition for 'pnorm'
    dNMR: no visible global function definition for 'dnorm'
    pNMR: no visible global function definition for 'pnorm'
    pNMR: no visible global function definition for 'dnorm'
    rMR: no visible global function definition for 'rnorm'
    rMR: no visible global function definition for 'rchisq'
    Undefined global functions or variables:
     dnorm pnorm rchisq rnorm
    Consider adding
     importFrom("stats", "dnorm", "pnorm", "rchisq", "rnorm")
    to your NAMESPACE file.
Flavors: r-devel-linux-x86_64-debian-clang, r-devel-linux-x86_64-debian-gcc, r-devel-linux-x86_64-fedora-clang, r-devel-linux-x86_64-fedora-gcc, r-devel-windows-x86_64, r-devel-windows-x86_64-gcc10-UCRT, r-patched-linux-x86_64, r-patched-solaris-x86, r-release-linux-x86_64, r-release-macos-arm64, r-release-macos-x86_64, r-release-windows-ix86+x86_64, r-oldrel-macos-x86_64, r-oldrel-windows-ix86+x86_64