CRAN Package Check Results for Package SNPknock

Last updated on 2021-11-29 00:48:42 CET.

Flavor Version Tinstall Tcheck Ttotal Status Flags
r-devel-linux-x86_64-debian-clang 0.8.2 OK
r-devel-linux-x86_64-debian-gcc 0.8.2 51.29 151.37 202.66 OK
r-devel-linux-x86_64-fedora-clang 0.8.2 389.16 NOTE
r-devel-linux-x86_64-fedora-gcc 0.8.2 351.61 OK
r-devel-windows-x86_64-new-UL 0.8.2 107.00 280.00 387.00 OK
r-devel-windows-x86_64-new-TK 0.8.2 OK
r-devel-windows-x86_64-old 0.8.2 74.00 230.00 304.00 OK
r-patched-linux-x86_64 0.8.2 63.01 193.65 256.66 OK
r-patched-solaris-x86 0.8.2 479.90 OK
r-release-linux-x86_64 0.8.2 62.57 189.60 252.17 OK
r-release-macos-arm64 0.8.2 NOTE
r-release-macos-x86_64 0.8.2 NOTE
r-release-windows-ix86+x86_64 0.8.2 191.00 450.00 641.00 NOTE
r-oldrel-macos-x86_64 0.8.2 NOTE
r-oldrel-windows-ix86+x86_64 0.8.2 144.00 454.00 598.00 NOTE

Check Details

Version: 0.8.2
Check: installed package size
Result: NOTE
     installed size is 5.7Mb
     sub-directories of 1Mb or more:
     extdata 3.1Mb
     libs 2.3Mb
Flavors: r-devel-linux-x86_64-fedora-clang, r-release-macos-arm64, r-release-macos-x86_64, r-release-windows-ix86+x86_64, r-oldrel-macos-x86_64, r-oldrel-windows-ix86+x86_64