CRAN Package Check Results for Package SPARTAAS

Last updated on 2022-10-07 02:50:07 CEST.

Flavor Version Tinstall Tcheck Ttotal Status Flags
r-devel-linux-x86_64-debian-clang 1.1.0 55.23 490.92 546.15 OK
r-devel-linux-x86_64-debian-gcc 1.1.0 44.50 350.52 395.02 OK
r-devel-linux-x86_64-fedora-clang 1.1.0 708.07 NOTE
r-devel-linux-x86_64-fedora-gcc 1.1.0 646.78 OK
r-devel-windows-x86_64 1.1.0 121.00 486.00 607.00 OK
r-patched-linux-x86_64 1.1.0 53.04 465.48 518.52 OK
r-release-linux-x86_64 1.1.0 50.07 455.63 505.70 OK
r-release-macos-arm64 1.1.0 132.00 OK
r-release-macos-x86_64 1.1.0 251.00 OK
r-release-windows-x86_64 1.1.0 145.00 481.00 626.00 OK
r-oldrel-macos-arm64 1.1.0 141.00 OK
r-oldrel-macos-x86_64 1.1.0 174.00 OK
r-oldrel-windows-ix86+x86_64 1.1.0 133.00 516.00 649.00 OK

Check Details

Version: 1.1.0
Check: package dependencies
Result: NOTE
    Imports includes 31 non-default packages.
    Importing from so many packages makes the package vulnerable to any of
    them becoming unavailable. Move as many as possible to Suggests and
    use conditionally.
Flavor: r-devel-linux-x86_64-fedora-clang