CRAN Package Check Results for Package SPCDAnalyze

Last updated on 2022-06-30 01:49:20 CEST.

Flavor Version Tinstall Tcheck Ttotal Status Flags
r-devel-linux-x86_64-debian-clang 0.1.0 8.60 82.22 90.82 NOTE
r-devel-linux-x86_64-debian-gcc 0.1.0 8.43 64.21 72.64 NOTE
r-devel-linux-x86_64-fedora-clang 0.1.0 120.64 NOTE
r-devel-linux-x86_64-fedora-gcc 0.1.0 122.39 NOTE
r-devel-windows-x86_64 0.1.0 15.00 106.00 121.00 NOTE
r-patched-linux-x86_64 0.1.0 6.92 79.18 86.10 NOTE
r-release-linux-x86_64 0.1.0 9.44 80.38 89.82 NOTE
r-release-macos-arm64 0.1.0 34.00 NOTE
r-release-macos-x86_64 0.1.0 58.00 NOTE
r-release-windows-x86_64 0.1.0 28.00 103.00 131.00 NOTE
r-oldrel-macos-arm64 0.1.0 41.00 NOTE
r-oldrel-macos-x86_64 0.1.0 57.00 NOTE
r-oldrel-windows-ix86+x86_64 0.1.0 20.00 100.00 120.00 NOTE

Check Details

Version: 0.1.0
Check: LazyData
Result: NOTE
     'LazyData' is specified without a 'data' directory
Flavors: r-devel-linux-x86_64-debian-clang, r-devel-linux-x86_64-debian-gcc, r-devel-linux-x86_64-fedora-clang, r-devel-linux-x86_64-fedora-gcc, r-devel-windows-x86_64, r-patched-linux-x86_64, r-release-linux-x86_64, r-release-macos-arm64, r-release-macos-x86_64, r-release-windows-x86_64, r-oldrel-macos-arm64, r-oldrel-macos-x86_64, r-oldrel-windows-ix86+x86_64