CRAN Package Check Results for Package SPIGA

Last updated on 2021-08-01 01:52:06 CEST.

Flavor Version Tinstall Tcheck Ttotal Status Flags
r-devel-linux-x86_64-debian-clang 1.0.0 4.02 38.26 42.28 NOTE
r-devel-linux-x86_64-debian-gcc 1.0.0 3.20 30.03 33.23 NOTE
r-devel-linux-x86_64-fedora-clang 1.0.0 58.80 NOTE
r-devel-linux-x86_64-fedora-gcc 1.0.0 48.52 NOTE
r-devel-windows-x86_64 1.0.0 5.00 58.00 63.00 OK
r-devel-windows-x86_64-gcc10-UCRT 1.0.0 OK
r-patched-linux-x86_64 1.0.0 NOTE
r-patched-solaris-x86 1.0.0 73.60 NOTE
r-release-linux-x86_64 1.0.0 3.44 37.41 40.85 NOTE
r-release-macos-arm64 1.0.0 OK
r-release-macos-x86_64 1.0.0 OK
r-release-windows-ix86+x86_64 1.0.0 9.00 45.00 54.00 OK
r-oldrel-macos-x86_64 1.0.0 OK
r-oldrel-windows-ix86+x86_64 1.0.0 7.00 61.00 68.00 OK

Check Details

Version: 1.0.0
Check: for non-standard things in the check directory
Result: NOTE
    Found the following files/directories:
     'AlphaGA_3.txt' 'AlphaML_3.txt' 'BetaGA_3.txt' 'BetaML_3.txt'
     'Performance_GA_ML_ 3 .pdf' 'SPIGA_3Pmon.Pm_St1.pdf'
     'SPIGA_3Pmon.Pm_St2.pdf' 'SPI_AG_3.txt' 'SPI_ML_3.txt'
     'SPI_ML_3Pm_St1.pdf' 'SPI_ML_3Pm_St2.pdf' 'SPI_ML_3Pm_St3.pdf'
     'SPI_ML_3Pm_St4.pdf' 'SPI_PARAM_3.txt' 'SPI_PARAM_3Pm_St1.pdf'
     'SPI_PARAM_3Pm_St2.pdf' 'SPI_PARAM_3Pm_St3.pdf'
     'SPI_PARAM_3Pm_St4.pdf'
Flavors: r-devel-linux-x86_64-debian-clang, r-devel-linux-x86_64-debian-gcc, r-devel-linux-x86_64-fedora-clang, r-devel-linux-x86_64-fedora-gcc, r-patched-linux-x86_64, r-patched-solaris-x86, r-release-linux-x86_64