Last updated on 2021-01-22 00:49:07 CET.
Flavor | Version | Tinstall | Tcheck | Ttotal | Status | Flags |
---|---|---|---|---|---|---|
r-devel-linux-x86_64-debian-clang | 1.1 | 4.74 | 39.21 | 43.95 | OK | |
r-devel-linux-x86_64-debian-gcc | 1.1 | 3.74 | 30.26 | 34.00 | OK | |
r-devel-linux-x86_64-fedora-clang | 1.1 | 63.79 | NOTE | |||
r-devel-linux-x86_64-fedora-gcc | 1.1 | 52.69 | OK | |||
r-devel-windows-ix86+x86_64 | 1.1 | 8.00 | 59.00 | 67.00 | OK | |
r-patched-linux-x86_64 | 1.1 | 4.09 | 37.50 | 41.59 | OK | |
r-patched-solaris-x86 | 1.1 | 87.70 | OK | |||
r-release-linux-x86_64 | 1.1 | 4.95 | 37.52 | 42.47 | OK | |
r-release-macos-x86_64 | 1.1 | OK | ||||
r-release-windows-ix86+x86_64 | 1.1 | 7.00 | 56.00 | 63.00 | OK | |
r-oldrel-macos-x86_64 | 1.1 | OK | ||||
r-oldrel-windows-ix86+x86_64 | 1.1 | 6.00 | 40.00 | 46.00 | OK |
Version: 1.1
Check: Rd cross-references
Result: NOTE
Undeclared packages ‘RColorBrewer’, ‘colorspace’ in Rd xrefs
Flavor: r-devel-linux-x86_64-fedora-clang