CRAN Package Check Results for Package SSDM

Last updated on 2020-07-05 01:49:36 CEST.

Flavor Version Tinstall Tcheck Ttotal Status Flags
r-devel-linux-x86_64-debian-clang 0.2.8 32.33 335.52 367.85 OK
r-devel-linux-x86_64-debian-gcc 0.2.8 25.02 248.19 273.21 OK
r-devel-linux-x86_64-fedora-clang 0.2.8 452.64 NOTE
r-devel-linux-x86_64-fedora-gcc 0.2.8 448.29 NOTE
r-devel-windows-ix86+x86_64 0.2.8 79.00 450.00 529.00 OK
r-patched-linux-x86_64 0.2.8 28.69 322.32 351.01 OK
r-patched-solaris-x86 0.2.8 584.90 NOTE
r-release-linux-x86_64 0.2.8 30.75 320.27 351.02 OK
r-release-osx-x86_64 0.2.8 NOTE
r-release-windows-ix86+x86_64 0.2.8 50.00 337.00 387.00 OK
r-oldrel-osx-x86_64 0.2.8 NOTE
r-oldrel-windows-ix86+x86_64 0.2.8 59.00 431.00 490.00 OK

Check Details

Version: 0.2.8
Check: dependencies in R code
Result: NOTE
    Namespace in Imports field not imported from: ‘shinyFiles’
     All declared Imports should be used.
Flavors: r-devel-linux-x86_64-fedora-clang, r-devel-linux-x86_64-fedora-gcc, r-patched-solaris-x86, r-release-osx-x86_64, r-oldrel-osx-x86_64