CRAN Package Check Results for Package SSHAARP

Last updated on 2021-09-23 01:50:00 CEST.

Flavor Version Tinstall Tcheck Ttotal Status Flags
r-devel-linux-x86_64-debian-clang 1.1.0 21.79 124.28 146.07 OK
r-devel-linux-x86_64-debian-gcc 1.1.0 21.22 96.57 117.79 OK
r-devel-linux-x86_64-fedora-clang 1.1.0 194.14 OK
r-devel-linux-x86_64-fedora-gcc 1.1.0 181.41 OK
r-devel-windows-x86_64 1.1.0 32.00 112.00 144.00 OK
r-devel-windows-x86_64-gcc10-UCRT 1.1.0 ERROR
r-patched-linux-x86_64 1.1.0 20.85 117.31 138.16 OK
r-patched-solaris-x86 1.1.0 290.30 OK
r-release-linux-x86_64 1.1.0 24.00 116.45 140.45 OK
r-release-macos-arm64 1.0.1 NOTE
r-release-macos-x86_64 1.1.0 OK
r-release-windows-ix86+x86_64 1.1.0 62.00 144.00 206.00 OK
r-oldrel-macos-x86_64 1.1.0 OK
r-oldrel-windows-ix86+x86_64 1.1.0 47.00 129.00 176.00 OK

Check Details

Version: 1.1.0
Check: package dependencies
Result: ERROR
    Package required but not available: 'BIGDAWG'
    
    See section 'The DESCRIPTION file' in the 'Writing R Extensions'
    manual.
Flavor: r-devel-windows-x86_64-gcc10-UCRT

Version: 1.0.1
Check: dependencies in R code
Result: NOTE
    Namespace in Imports field not imported from: ‘sessioninfo’
     All declared Imports should be used.
Flavor: r-release-macos-arm64