CRAN Package Check Results for Package STEPCAM

Last updated on 2024-02-26 08:48:59 CET.

Flavor Version Tinstall Tcheck Ttotal Status Flags
r-devel-linux-x86_64-debian-clang 1.2 9.36 163.32 172.68 NOTE
r-devel-linux-x86_64-debian-gcc 1.2 8.26 122.65 130.91 NOTE
r-devel-linux-x86_64-fedora-clang 1.2 220.94 NOTE
r-devel-linux-x86_64-fedora-gcc 1.2 233.80 NOTE
r-devel-windows-x86_64 1.2 10.00 125.00 135.00 OK
r-patched-linux-x86_64 1.2 8.91 158.04 166.95 OK
r-release-linux-x86_64 1.2 11.55 157.17 168.72 OK
r-release-macos-arm64 1.2 69.00 OK
r-release-macos-x86_64 1.2 113.00 OK
r-release-windows-x86_64 1.2 13.00 163.00 176.00 OK
r-oldrel-macos-arm64 1.2 57.00 OK
r-oldrel-windows-x86_64 1.2 12.00 166.00 178.00 OK

Check Details

Version: 1.2
Check: Rd files
Result: NOTE checkRd: (-1) STEPCAM_ABC.Rd:19: Lost braces 19 | \code{rows}{ every row corresponds to a different plot or community} \cr | ^ checkRd: (-1) STEPCAM_ABC.Rd:20: Lost braces 20 | \code{columns}{ every column corresponds to a different species.} \cr | ^ checkRd: (-1) STEPCAM_ABC.Rd:25: Lost braces 25 | \code{rows}{ every row corresponds to a different species} \cr | ^ checkRd: (-1) STEPCAM_ABC.Rd:26: Lost braces 26 | \code{columns}{ the first column contains the name of the species, every consecutive column corresponds to a different trait} \cr | ^ checkRd: (-1) plotSTEPCAM.Rd:16: Lost braces 16 | - \code{DA}{ a vector containing the posterior distribution for the parameter dispersal assembly} \cr | ^ checkRd: (-1) plotSTEPCAM.Rd:17: Lost braces 17 | - \code{HF}{ a vector containing the posterior distribution for the parameter habitat filtering} \cr | ^ checkRd: (-1) plotSTEPCAM.Rd:18: Lost braces 18 | - \code{LS}{ a vector containing the posterior distribution for the parameter limiting similarity} \cr | ^ Flavors: r-devel-linux-x86_64-debian-clang, r-devel-linux-x86_64-debian-gcc, r-devel-linux-x86_64-fedora-clang, r-devel-linux-x86_64-fedora-gcc